{"id":350076,"date":"2024-03-01T22:37:31","date_gmt":"2024-03-01T21:37:31","guid":{"rendered":"https:\/\/gajostest.a2hosted.com\/eshop\/okuliare-ba-22-l\/"},"modified":"2026-05-07T21:52:29","modified_gmt":"2026-05-07T19:52:29","slug":"okuliare-ba-22-l","status":"publish","type":"product","link":"https:\/\/gajos.sk\/eshop\/p\/okuliare-ba-22-l\/","title":{"rendered":"Okuliare BA 22\/L"},"content":{"rendered":"","protected":false},"excerpt":{"rendered":"<p>Otev\u0159en\u00e9 lehk\u00e9 ochrann\u00e9 br\u00fdle s \u010dir\u00fdm plastov\u00fdm celoplo\u0161n\u00fdm zorn\u00edkem. Ur\u010deny k ochran\u011b o\u010d\u00ed p\u0159ed rizikem mechanick\u00e9ho po\u0161kozen\u00ed n\u00e1razem pomalu let\u00edc\u00edch \u010d\u00e1stic.<\/p>\n<p>Pro koho jsou ochrann\u00e9 br\u00fdle vhodn\u00e9:\u00a0Vhodn\u00e9 pro v\u0161echny b\u011b\u017en\u00e9 mont\u00e1\u017en\u00ed a laboratorn\u00ed pr\u00e1ce, pro pracovn\u00ed \u010dinnosti prov\u00e1d\u011bn\u00e9 pomoc\u00ed ru\u010dn\u00edho n\u00e1\u0159ad\u00ed nebo pro mechanick\u00e9 pr\u00e1ce a strojn\u00ed obr\u00e1b\u011bn\u00ed d\u0159eva, plast\u016f a kov\u016f.\u00a0<\/p>\n<p>Barevn\u00e9 proveden\u00ed obruby: transparentn\u00ed hn\u011bd\u00e9.\u00a0<\/p>\n<p>Mo\u017enost objedn\u00e1n\u00ed n\u00e1hradn\u00edch zorn\u00edk\u016f.<br \/>\n    Materi\u00e1l zorn\u00edk\u016f: AC 1 mm<br \/>\n    Ochrana: mechanick\u00e1<br \/>\n    Ochrana proti hrub\u00e9mu prachu: ne<br \/>\n    Ochrana proti post\u0159iku kapalinami: ne<br \/>\n    Ochrana proti po\u0161kr\u00e1b\u00e1n\u00ed: ne<br \/>\n    Ochrana proti n\u00e1razu: zv\u00fd\u0161en\u00e1 pevnost S<br \/>\n    Bo\u010dn\u00ed ochrana: ano<br \/>\n    Odolnost proti teplot\u00e1m: -5 \u00b0C \/ +55\u00b0C<br \/>\n    Hmotnost: 38 g\u00a0<br \/>\n    Odpov\u00edd\u00e1 norm\u00e1m: EN 166<br \/>\n    Atestace CE: ano<\/p>\n","protected":false},"featured_media":350078,"template":"","meta":{"_acf_changed":false,"inline_featured_image":false},"product_brand":[],"product_cat":[2130,2129,2128],"product_tag":[2496],"class_list":{"0":"post-350076","1":"product","2":"type-product","3":"status-publish","4":"has-post-thumbnail","6":"product_cat-okuliare","7":"product_cat-ochrana-oci","8":"product_cat-ochranne-pomocky","9":"product_tag-okula","10":"pa_velkost-uni","12":"first","13":"instock","14":"taxable","15":"shipping-taxable","16":"product-type-variable"},"acf":[],"_links":{"self":[{"href":"https:\/\/gajos.sk\/eshop\/wp-json\/wp\/v2\/product\/350076","targetHints":{"allow":["GET"]}}],"collection":[{"href":"https:\/\/gajos.sk\/eshop\/wp-json\/wp\/v2\/product"}],"about":[{"href":"https:\/\/gajos.sk\/eshop\/wp-json\/wp\/v2\/types\/product"}],"wp:featuredmedia":[{"embeddable":true,"href":"https:\/\/gajos.sk\/eshop\/wp-json\/wp\/v2\/media\/350078"}],"wp:attachment":[{"href":"https:\/\/gajos.sk\/eshop\/wp-json\/wp\/v2\/media?parent=350076"}],"wp:term":[{"taxonomy":"product_brand","embeddable":true,"href":"https:\/\/gajos.sk\/eshop\/wp-json\/wp\/v2\/product_brand?post=350076"},{"taxonomy":"product_cat","embeddable":true,"href":"https:\/\/gajos.sk\/eshop\/wp-json\/wp\/v2\/product_cat?post=350076"},{"taxonomy":"product_tag","embeddable":true,"href":"https:\/\/gajos.sk\/eshop\/wp-json\/wp\/v2\/product_tag?post=350076"}],"curies":[{"name":"wp","href":"https:\/\/api.w.org\/{rel}","templated":true}]}}