{"id":349833,"date":"2024-03-01T22:33:12","date_gmt":"2024-03-01T21:33:12","guid":{"rendered":"https:\/\/gajostest.a2hosted.com\/eshop\/fm-3-sluchadla\/"},"modified":"2026-05-07T21:52:28","modified_gmt":"2026-05-07T19:52:28","slug":"fm-3-sluchadla","status":"publish","type":"product","link":"https:\/\/gajos.sk\/eshop\/p\/fm-3-sluchadla\/","title":{"rendered":"FM-3 sl\u00fachadla"},"content":{"rendered":"","protected":false},"excerpt":{"rendered":"<p>Dielektrick\u00fd mu\u0161\u013eov\u00fd chr\u00e1ni\u010d s odoln\u00fdm a jednoducho nastavite\u013en\u00fdm hlavov\u00fdm obl\u00fakom a penou plnen\u00fdmi tesniacimi vank\u00fa\u0161ikmi. \u013dahk\u00fd a pohodln\u00fd hlavov\u00fd obl\u00fak zais\u0165uje zn\u00ed\u017eenie tlaku pri dlhodobom nosen\u00ed.<\/p>\n","protected":false},"featured_media":349835,"template":"","meta":{"_acf_changed":false,"inline_featured_image":false},"product_brand":[],"product_cat":[2489,2485,2128],"product_tag":[1179],"class_list":{"0":"post-349833","1":"product","2":"type-product","3":"status-publish","4":"has-post-thumbnail","6":"product_cat-muslove-chranice","7":"product_cat-ochrana-sluchu","8":"product_cat-ochranne-pomocky","9":"product_tag-cerva","10":"pa_farba-cierna","12":"first","13":"instock","14":"taxable","15":"shipping-taxable","16":"purchasable","17":"product-type-variable"},"acf":[],"_links":{"self":[{"href":"https:\/\/gajos.sk\/eshop\/wp-json\/wp\/v2\/product\/349833","targetHints":{"allow":["GET"]}}],"collection":[{"href":"https:\/\/gajos.sk\/eshop\/wp-json\/wp\/v2\/product"}],"about":[{"href":"https:\/\/gajos.sk\/eshop\/wp-json\/wp\/v2\/types\/product"}],"wp:featuredmedia":[{"embeddable":true,"href":"https:\/\/gajos.sk\/eshop\/wp-json\/wp\/v2\/media\/349835"}],"wp:attachment":[{"href":"https:\/\/gajos.sk\/eshop\/wp-json\/wp\/v2\/media?parent=349833"}],"wp:term":[{"taxonomy":"product_brand","embeddable":true,"href":"https:\/\/gajos.sk\/eshop\/wp-json\/wp\/v2\/product_brand?post=349833"},{"taxonomy":"product_cat","embeddable":true,"href":"https:\/\/gajos.sk\/eshop\/wp-json\/wp\/v2\/product_cat?post=349833"},{"taxonomy":"product_tag","embeddable":true,"href":"https:\/\/gajos.sk\/eshop\/wp-json\/wp\/v2\/product_tag?post=349833"}],"curies":[{"name":"wp","href":"https:\/\/api.w.org\/{rel}","templated":true}]}}