{"id":349717,"date":"2024-03-01T22:31:04","date_gmt":"2024-03-01T21:31:04","guid":{"rendered":"https:\/\/gajostest.a2hosted.com\/eshop\/jsp-bushmaster-droteny-stit-so-sluch\/"},"modified":"2026-04-11T17:51:38","modified_gmt":"2026-04-11T15:51:38","slug":"jsp-bushmaster-droteny-stit-so-sluch","status":"publish","type":"product","link":"https:\/\/gajos.sk\/eshop\/p\/jsp-bushmaster-droteny-stit-so-sluch\/","title":{"rendered":"JSP BUSHMASTER dr\u00f4ten\u00fd \u0161t\u00edt so sluch."},"content":{"rendered":"","protected":false},"excerpt":{"rendered":"<p>Dizajnovan\u00e9 pre maxim\u00e1lny komfort a optim\u00e1lnu ochranu pre u\u017e\u00edvate\u013eov, ktor\u00ed nepotrebuj\u00fa z\u00e1rove\u0148 ochranu hlavy (helmu). M\u00e4kk\u00fd hlavov\u00fd vank\u00fa\u0161ik a tesniace vank\u00fa\u0161iky. Sl\u00fachadl\u00e1 sp\u013a\u0148aj\u00fa normu EN 352:2002, SNR: 30. Dr\u00f4ten\u00fd \u0161t\u00edt sp\u013a\u0148a normu EN 1731.<\/p>\n","protected":false},"featured_media":349719,"template":"","meta":{"_acf_changed":false,"inline_featured_image":false},"product_brand":[],"product_cat":[2489,2485,2128],"product_tag":[1209],"class_list":{"0":"post-349717","1":"product","2":"type-product","3":"status-publish","4":"has-post-thumbnail","6":"product_cat-muslove-chranice","7":"product_cat-ochrana-sluchu","8":"product_cat-ochranne-pomocky","9":"product_tag-jsp","10":"pa_velkost-uni","12":"first","13":"instock","14":"taxable","15":"shipping-taxable","16":"product-type-variable"},"acf":[],"_links":{"self":[{"href":"https:\/\/gajos.sk\/eshop\/wp-json\/wp\/v2\/product\/349717","targetHints":{"allow":["GET"]}}],"collection":[{"href":"https:\/\/gajos.sk\/eshop\/wp-json\/wp\/v2\/product"}],"about":[{"href":"https:\/\/gajos.sk\/eshop\/wp-json\/wp\/v2\/types\/product"}],"wp:featuredmedia":[{"embeddable":true,"href":"https:\/\/gajos.sk\/eshop\/wp-json\/wp\/v2\/media\/349719"}],"wp:attachment":[{"href":"https:\/\/gajos.sk\/eshop\/wp-json\/wp\/v2\/media?parent=349717"}],"wp:term":[{"taxonomy":"product_brand","embeddable":true,"href":"https:\/\/gajos.sk\/eshop\/wp-json\/wp\/v2\/product_brand?post=349717"},{"taxonomy":"product_cat","embeddable":true,"href":"https:\/\/gajos.sk\/eshop\/wp-json\/wp\/v2\/product_cat?post=349717"},{"taxonomy":"product_tag","embeddable":true,"href":"https:\/\/gajos.sk\/eshop\/wp-json\/wp\/v2\/product_tag?post=349717"}],"curies":[{"name":"wp","href":"https:\/\/api.w.org\/{rel}","templated":true}]}}