{"id":349559,"date":"2024-03-01T22:27:32","date_gmt":"2024-03-01T21:27:32","guid":{"rendered":"https:\/\/gajostest.a2hosted.com\/eshop\/e-a-r-caboflex\/"},"modified":"2026-04-22T21:58:54","modified_gmt":"2026-04-22T19:58:54","slug":"e-a-r-caboflex","status":"publish","type":"product","link":"https:\/\/gajos.sk\/eshop\/p\/e-a-r-caboflex\/","title":{"rendered":"E.A.R. CABOFLEX"},"content":{"rendered":"","protected":false},"excerpt":{"rendered":"<p>K\u00f3nick\u00e9 um\u00fdvate\u013en\u00e9 z\u00e1tkov\u00e9 chr\u00e1ni\u010de sluchu z jemn\u00e9ho penov\u00e9ho polym\u00e9ru, s vrstvou silik\u00f3nu, vymenite\u013en\u00fdmi z\u00e1tkami a \u013eahk\u00fdm spojovac\u00edm obl\u00fakom pod bradu (ide\u00e1lne pre s\u00fa\u010dasn\u00e9 pou\u017eitie ochrannej prilby a okuliarov), vhodn\u00e9 pre opakovan\u00e9 vstupy do hlu\u010dn\u00fdch prev\u00e1dzok.<\/p>\n","protected":false},"featured_media":349561,"template":"","meta":{"_acf_changed":false,"inline_featured_image":false},"product_brand":[],"product_cat":[2486,2485,2128],"product_tag":[1275],"class_list":{"0":"post-349559","1":"product","2":"type-product","3":"status-publish","4":"has-post-thumbnail","6":"product_cat-zatkove-chranice","7":"product_cat-ochrana-sluchu","8":"product_cat-ochranne-pomocky","9":"product_tag-3m","10":"pa_velkost-uni","12":"first","13":"instock","14":"taxable","15":"shipping-taxable","16":"purchasable","17":"product-type-variable"},"acf":[],"_links":{"self":[{"href":"https:\/\/gajos.sk\/eshop\/wp-json\/wp\/v2\/product\/349559","targetHints":{"allow":["GET"]}}],"collection":[{"href":"https:\/\/gajos.sk\/eshop\/wp-json\/wp\/v2\/product"}],"about":[{"href":"https:\/\/gajos.sk\/eshop\/wp-json\/wp\/v2\/types\/product"}],"wp:featuredmedia":[{"embeddable":true,"href":"https:\/\/gajos.sk\/eshop\/wp-json\/wp\/v2\/media\/349561"}],"wp:attachment":[{"href":"https:\/\/gajos.sk\/eshop\/wp-json\/wp\/v2\/media?parent=349559"}],"wp:term":[{"taxonomy":"product_brand","embeddable":true,"href":"https:\/\/gajos.sk\/eshop\/wp-json\/wp\/v2\/product_brand?post=349559"},{"taxonomy":"product_cat","embeddable":true,"href":"https:\/\/gajos.sk\/eshop\/wp-json\/wp\/v2\/product_cat?post=349559"},{"taxonomy":"product_tag","embeddable":true,"href":"https:\/\/gajos.sk\/eshop\/wp-json\/wp\/v2\/product_tag?post=349559"}],"curies":[{"name":"wp","href":"https:\/\/api.w.org\/{rel}","templated":true}]}}