{"id":349526,"date":"2024-03-01T22:27:03","date_gmt":"2024-03-01T21:27:03","guid":{"rendered":"https:\/\/gajostest.a2hosted.com\/eshop\/3m-1261-zatky\/"},"modified":"2026-04-19T07:10:45","modified_gmt":"2026-04-19T05:10:45","slug":"3m-1261-zatky","status":"publish","type":"product","link":"https:\/\/gajos.sk\/eshop\/p\/3m-1261-zatky\/","title":{"rendered":"3M 1261 z\u00e1tky"},"content":{"rendered":"","protected":false},"excerpt":{"rendered":"<p>Z\u00e1tkov\u00e9 chr\u00e1ni\u010de sluchu z m\u00e4kk\u00e9ho materi\u00e1lu pre viacn\u00e1sobn\u00e9 pou\u017eitie, jednoduch\u00e9 zavedenie do zvukovodu v\u010faka nov\u00e9mu dizajnu. Baleno v papierovom boxe.<\/p>\n","protected":false},"featured_media":349528,"template":"","meta":{"_acf_changed":false,"inline_featured_image":false},"product_brand":[],"product_cat":[2486,2485,2128],"product_tag":[1275],"class_list":{"0":"post-349526","1":"product","2":"type-product","3":"status-publish","4":"has-post-thumbnail","6":"product_cat-zatkove-chranice","7":"product_cat-ochrana-sluchu","8":"product_cat-ochranne-pomocky","9":"product_tag-3m","10":"pa_velkost-uni","12":"first","13":"instock","14":"taxable","15":"shipping-taxable","16":"purchasable","17":"product-type-variable"},"acf":[],"_links":{"self":[{"href":"https:\/\/gajos.sk\/eshop\/wp-json\/wp\/v2\/product\/349526","targetHints":{"allow":["GET"]}}],"collection":[{"href":"https:\/\/gajos.sk\/eshop\/wp-json\/wp\/v2\/product"}],"about":[{"href":"https:\/\/gajos.sk\/eshop\/wp-json\/wp\/v2\/types\/product"}],"wp:featuredmedia":[{"embeddable":true,"href":"https:\/\/gajos.sk\/eshop\/wp-json\/wp\/v2\/media\/349528"}],"wp:attachment":[{"href":"https:\/\/gajos.sk\/eshop\/wp-json\/wp\/v2\/media?parent=349526"}],"wp:term":[{"taxonomy":"product_brand","embeddable":true,"href":"https:\/\/gajos.sk\/eshop\/wp-json\/wp\/v2\/product_brand?post=349526"},{"taxonomy":"product_cat","embeddable":true,"href":"https:\/\/gajos.sk\/eshop\/wp-json\/wp\/v2\/product_cat?post=349526"},{"taxonomy":"product_tag","embeddable":true,"href":"https:\/\/gajos.sk\/eshop\/wp-json\/wp\/v2\/product_tag?post=349526"}],"curies":[{"name":"wp","href":"https:\/\/api.w.org\/{rel}","templated":true}]}}