{"id":349117,"date":"2024-03-01T22:19:21","date_gmt":"2024-03-01T21:19:21","guid":{"rendered":"https:\/\/gajostest.a2hosted.com\/eshop\/gijon-sortky\/"},"modified":"2026-05-07T21:50:23","modified_gmt":"2026-05-07T19:50:23","slug":"gijon-sortky","status":"publish","type":"product","link":"https:\/\/gajos.sk\/eshop\/p\/gijon-sortky\/","title":{"rendered":"GIJON \u0161ortky"},"content":{"rendered":"","protected":false},"excerpt":{"rendered":"<p>\u2022 Jednoduch\u00e1 \u00fadr\u017eba PET a penou plnen\u00fdch tesniacich vank\u00fa\u0161ikov a tesniacich kr\u00fa\u017ekov.<\/p>\n","protected":false},"featured_media":349119,"template":"","meta":{"_acf_changed":false,"inline_featured_image":false},"product_brand":[],"product_cat":[2133,2121,2126],"product_tag":[1179],"class_list":{"0":"post-349117","1":"product","2":"type-product","3":"status-publish","4":"has-post-thumbnail","6":"product_cat-sortky","7":"product_cat-odevy","8":"product_cat-nohavice-a-overaly","9":"product_tag-cerva","10":"pa_farba-royal-modra","11":"pa_farba-tm-zelena","12":"pa_farba-navy","13":"pa_farba-cervena","14":"pa_farba-cierna","15":"pa_farba-siva","16":"pa_farba-biela","17":"pa_velkost-3162","18":"pa_velkost-3110","19":"pa_velkost-3121","20":"pa_velkost-3123","21":"pa_velkost-3155","22":"pa_velkost-3157","23":"pa_velkost-3158","24":"pa_velkost-3159","25":"pa_velkost-3160","26":"pa_velkost-3161","28":"first","29":"instock","30":"taxable","31":"shipping-taxable","32":"purchasable","33":"product-type-variable"},"acf":[],"_links":{"self":[{"href":"https:\/\/gajos.sk\/eshop\/wp-json\/wp\/v2\/product\/349117","targetHints":{"allow":["GET"]}}],"collection":[{"href":"https:\/\/gajos.sk\/eshop\/wp-json\/wp\/v2\/product"}],"about":[{"href":"https:\/\/gajos.sk\/eshop\/wp-json\/wp\/v2\/types\/product"}],"wp:featuredmedia":[{"embeddable":true,"href":"https:\/\/gajos.sk\/eshop\/wp-json\/wp\/v2\/media\/349119"}],"wp:attachment":[{"href":"https:\/\/gajos.sk\/eshop\/wp-json\/wp\/v2\/media?parent=349117"}],"wp:term":[{"taxonomy":"product_brand","embeddable":true,"href":"https:\/\/gajos.sk\/eshop\/wp-json\/wp\/v2\/product_brand?post=349117"},{"taxonomy":"product_cat","embeddable":true,"href":"https:\/\/gajos.sk\/eshop\/wp-json\/wp\/v2\/product_cat?post=349117"},{"taxonomy":"product_tag","embeddable":true,"href":"https:\/\/gajos.sk\/eshop\/wp-json\/wp\/v2\/product_tag?post=349117"}],"curies":[{"name":"wp","href":"https:\/\/api.w.org\/{rel}","templated":true}]}}