{"id":348894,"date":"2024-03-01T22:17:09","date_gmt":"2024-03-01T21:17:09","guid":{"rendered":"https:\/\/gajostest.a2hosted.com\/eshop\/ff-carl-be-01-009-sortky\/"},"modified":"2026-04-18T01:52:41","modified_gmt":"2026-04-17T23:52:41","slug":"ff-carl-be-01-009-sortky","status":"publish","type":"product","link":"https:\/\/gajos.sk\/eshop\/p\/ff-carl-be-01-009-sortky\/","title":{"rendered":"FF CARL BE-01-009 \u0161ortky"},"content":{"rendered":"","protected":false},"excerpt":{"rendered":"<p>p\u00e1nske pracovn\u00e9 \u0161ortky s multifunk\u010dn\u00fdmi vreckami<\/p>\n","protected":false},"featured_media":348896,"template":"","meta":{"_acf_changed":false,"inline_featured_image":false},"product_brand":[],"product_cat":[2133,2121,2126],"product_tag":[1228],"class_list":{"0":"post-348894","1":"product","2":"type-product","3":"status-publish","4":"has-post-thumbnail","6":"product_cat-sortky","7":"product_cat-odevy","8":"product_cat-nohavice-a-overaly","9":"product_tag-fridrich-fridrich","10":"pa_farba-royal-cierna","11":"pa_farba-cervena-cierna","12":"pa_farba-biela-siva","13":"pa_farba-siva","14":"pa_farba-cerna-cervena","15":"pa_farba-zelena-cierna","16":"pa_velkost-3121","17":"pa_velkost-3123","18":"pa_velkost-3155","19":"pa_velkost-3157","20":"pa_velkost-3158","21":"pa_velkost-3159","22":"pa_velkost-3160","23":"pa_velkost-3161","24":"pa_velkost-3162","25":"pa_velkost-3110","27":"first","28":"instock","29":"taxable","30":"shipping-taxable","31":"purchasable","32":"product-type-variable"},"acf":[],"_links":{"self":[{"href":"https:\/\/gajos.sk\/eshop\/wp-json\/wp\/v2\/product\/348894","targetHints":{"allow":["GET"]}}],"collection":[{"href":"https:\/\/gajos.sk\/eshop\/wp-json\/wp\/v2\/product"}],"about":[{"href":"https:\/\/gajos.sk\/eshop\/wp-json\/wp\/v2\/types\/product"}],"wp:featuredmedia":[{"embeddable":true,"href":"https:\/\/gajos.sk\/eshop\/wp-json\/wp\/v2\/media\/348896"}],"wp:attachment":[{"href":"https:\/\/gajos.sk\/eshop\/wp-json\/wp\/v2\/media?parent=348894"}],"wp:term":[{"taxonomy":"product_brand","embeddable":true,"href":"https:\/\/gajos.sk\/eshop\/wp-json\/wp\/v2\/product_brand?post=348894"},{"taxonomy":"product_cat","embeddable":true,"href":"https:\/\/gajos.sk\/eshop\/wp-json\/wp\/v2\/product_cat?post=348894"},{"taxonomy":"product_tag","embeddable":true,"href":"https:\/\/gajos.sk\/eshop\/wp-json\/wp\/v2\/product_tag?post=348894"}],"curies":[{"name":"wp","href":"https:\/\/api.w.org\/{rel}","templated":true}]}}