{"id":347715,"date":"2024-03-01T22:03:33","date_gmt":"2024-03-01T21:03:33","guid":{"rendered":"https:\/\/gajostest.a2hosted.com\/eshop\/gandia-hv-naprs-nohavice\/"},"modified":"2026-05-07T21:48:26","modified_gmt":"2026-05-07T19:48:26","slug":"gandia-hv-naprs-nohavice","status":"publish","type":"product","link":"https:\/\/gajos.sk\/eshop\/p\/gandia-hv-naprs-nohavice\/","title":{"rendered":"GANDIA HV n\u00e1prs.nohavice"},"content":{"rendered":"","protected":false},"excerpt":{"rendered":"<p>p\u00e1nske full Hi-Vis pracovn\u00e9 nohavice s n\u00e1prsenkou a s reflexn\u00fdmi doplnkami o ve\u013ekosti 7 cm, elastick\u00fd p\u00e1s, 2 bo\u010dn\u00e9 vreck\u00e1 + 1 vrecko na drobn\u00e9, 2 multifunk\u010dn\u00e9 stehenn\u00e9 vreck\u00e1, 2 zadn\u00e9 vreck\u00e1, 1 ve\u013ek\u00e9 multifunk\u010dn\u00e9 n\u00e1prsn\u00e9 vrecko, elastick\u00e9 traky so zap\u00ednan\u00edm na sponu, nastavite\u013en\u00e1 d\u013a\u017eka nohav\u00edc<\/p>\n","protected":false},"featured_media":347717,"template":"","meta":{"_acf_changed":false,"inline_featured_image":false},"product_brand":[],"product_cat":[2121,2127,2126],"product_tag":[1179],"class_list":{"0":"post-347715","1":"product","2":"type-product","3":"status-publish","4":"has-post-thumbnail","6":"product_cat-odevy","7":"product_cat-nohavice","8":"product_cat-nohavice-a-overaly","9":"product_tag-cerva","10":"pa_farba-zlta","11":"pa_farba-oranzova","12":"pa_velkost-3155","13":"pa_velkost-3157","14":"pa_velkost-3158","15":"pa_velkost-3159","16":"pa_velkost-3160","17":"pa_velkost-3161","18":"pa_velkost-3162","19":"pa_velkost-3110","20":"pa_velkost-3121","21":"pa_velkost-3123","23":"first","24":"instock","25":"taxable","26":"shipping-taxable","27":"purchasable","28":"product-type-variable"},"acf":[],"_links":{"self":[{"href":"https:\/\/gajos.sk\/eshop\/wp-json\/wp\/v2\/product\/347715","targetHints":{"allow":["GET"]}}],"collection":[{"href":"https:\/\/gajos.sk\/eshop\/wp-json\/wp\/v2\/product"}],"about":[{"href":"https:\/\/gajos.sk\/eshop\/wp-json\/wp\/v2\/types\/product"}],"wp:featuredmedia":[{"embeddable":true,"href":"https:\/\/gajos.sk\/eshop\/wp-json\/wp\/v2\/media\/347717"}],"wp:attachment":[{"href":"https:\/\/gajos.sk\/eshop\/wp-json\/wp\/v2\/media?parent=347715"}],"wp:term":[{"taxonomy":"product_brand","embeddable":true,"href":"https:\/\/gajos.sk\/eshop\/wp-json\/wp\/v2\/product_brand?post=347715"},{"taxonomy":"product_cat","embeddable":true,"href":"https:\/\/gajos.sk\/eshop\/wp-json\/wp\/v2\/product_cat?post=347715"},{"taxonomy":"product_tag","embeddable":true,"href":"https:\/\/gajos.sk\/eshop\/wp-json\/wp\/v2\/product_tag?post=347715"}],"curies":[{"name":"wp","href":"https:\/\/api.w.org\/{rel}","templated":true}]}}