{"id":347378,"date":"2024-03-01T21:59:27","date_gmt":"2024-03-01T20:59:27","guid":{"rendered":"https:\/\/gajostest.a2hosted.com\/eshop\/neurum-cls-jogger-nohavice\/"},"modified":"2026-05-07T21:46:32","modified_gmt":"2026-05-07T19:46:32","slug":"neurum-cls-jogger-nohavice","status":"publish","type":"product","link":"https:\/\/gajos.sk\/eshop\/p\/neurum-cls-jogger-nohavice\/","title":{"rendered":"NEURUM CLS jogger nohavice"},"content":{"rendered":"","protected":false},"excerpt":{"rendered":"<p>p\u00e1nske pracovn\u00e9 nohavice so \u0161irok\u00fdm elastick\u00fdm p\u00e1som; mo\u017enos\u0165 stiahnutia v p\u00e1se \u0161n\u00farkou; 2 hlbok\u00e9 bo\u010dn\u00e9 vreck\u00e1; 1 stehenn\u00e9 vrecko; 2 zadn\u00e9 vreck\u00e1; CORDURA zosilnenie v oblasti kolien; reflexn\u00e9 detaily; spodn\u00e9 lemy nohav\u00edc na gumu.<\/p>\n","protected":false},"featured_media":347380,"template":"","meta":{"_acf_changed":false,"inline_featured_image":false},"product_brand":[],"product_cat":[2121,2127,2126],"product_tag":[1179],"class_list":{"0":"post-347378","1":"product","2":"type-product","3":"status-publish","4":"has-post-thumbnail","6":"product_cat-odevy","7":"product_cat-nohavice","8":"product_cat-nohavice-a-overaly","9":"product_tag-cerva","10":"pa_farba-antracit","11":"pa_farba-petrolejova","12":"pa_farba-tm-olivova","13":"pa_farba-navy","14":"pa_velkost-xxl","15":"pa_velkost-xl","16":"pa_velkost-l","17":"pa_velkost-m","18":"pa_velkost-s","19":"pa_velkost-3xl","21":"first","22":"instock","23":"taxable","24":"shipping-taxable","25":"purchasable","26":"product-type-variable"},"acf":[],"_links":{"self":[{"href":"https:\/\/gajos.sk\/eshop\/wp-json\/wp\/v2\/product\/347378","targetHints":{"allow":["GET"]}}],"collection":[{"href":"https:\/\/gajos.sk\/eshop\/wp-json\/wp\/v2\/product"}],"about":[{"href":"https:\/\/gajos.sk\/eshop\/wp-json\/wp\/v2\/types\/product"}],"wp:featuredmedia":[{"embeddable":true,"href":"https:\/\/gajos.sk\/eshop\/wp-json\/wp\/v2\/media\/347380"}],"wp:attachment":[{"href":"https:\/\/gajos.sk\/eshop\/wp-json\/wp\/v2\/media?parent=347378"}],"wp:term":[{"taxonomy":"product_brand","embeddable":true,"href":"https:\/\/gajos.sk\/eshop\/wp-json\/wp\/v2\/product_brand?post=347378"},{"taxonomy":"product_cat","embeddable":true,"href":"https:\/\/gajos.sk\/eshop\/wp-json\/wp\/v2\/product_cat?post=347378"},{"taxonomy":"product_tag","embeddable":true,"href":"https:\/\/gajos.sk\/eshop\/wp-json\/wp\/v2\/product_tag?post=347378"}],"curies":[{"name":"wp","href":"https:\/\/api.w.org\/{rel}","templated":true}]}}