{"id":345983,"date":"2024-03-01T21:41:33","date_gmt":"2024-03-01T20:41:33","guid":{"rendered":"https:\/\/gajostest.a2hosted.com\/eshop\/multinorm-fuzz-fr-bunda\/"},"modified":"2026-05-07T21:42:28","modified_gmt":"2026-05-07T19:42:28","slug":"multinorm-fuzz-fr-bunda","status":"publish","type":"product","link":"https:\/\/gajos.sk\/eshop\/p\/multinorm-fuzz-fr-bunda\/","title":{"rendered":"MULTINORM FUZZ FR bunda"},"content":{"rendered":"","protected":false},"excerpt":{"rendered":"<p>multinormn\u00e1 bunda so zap\u00ednan\u00edm na zips kryt\u00fd l\u00e9gou na such\u00fd zips; 2 n\u00e1prsn\u00e9 vreck\u00e1 s pr\u00edklopkou na such\u00fd zips; nastavite\u013en\u00fd obvod man\u017eiet ruk\u00e1vov o golier pomocou such\u00e9ho zipsu.<\/p>\n","protected":false},"featured_media":345985,"template":"","meta":{"_acf_changed":false,"inline_featured_image":false},"product_brand":[],"product_cat":[2121,2122,2123],"product_tag":[1179],"class_list":{"0":"post-345983","1":"product","2":"type-product","3":"status-publish","4":"has-post-thumbnail","6":"product_cat-odevy","7":"product_cat-bundy-a-kabaty","8":"product_cat-bundy","9":"product_tag-cerva","10":"pa_farba-navy","11":"pa_velkost-xs","12":"pa_velkost-xl","13":"pa_velkost-l","14":"pa_velkost-m","15":"pa_velkost-s","16":"pa_velkost-3xl","17":"pa_velkost-xxl","18":"pa_velkost-4xl","20":"first","21":"instock","22":"taxable","23":"shipping-taxable","24":"purchasable","25":"product-type-variable"},"acf":[],"_links":{"self":[{"href":"https:\/\/gajos.sk\/eshop\/wp-json\/wp\/v2\/product\/345983","targetHints":{"allow":["GET"]}}],"collection":[{"href":"https:\/\/gajos.sk\/eshop\/wp-json\/wp\/v2\/product"}],"about":[{"href":"https:\/\/gajos.sk\/eshop\/wp-json\/wp\/v2\/types\/product"}],"wp:featuredmedia":[{"embeddable":true,"href":"https:\/\/gajos.sk\/eshop\/wp-json\/wp\/v2\/media\/345985"}],"wp:attachment":[{"href":"https:\/\/gajos.sk\/eshop\/wp-json\/wp\/v2\/media?parent=345983"}],"wp:term":[{"taxonomy":"product_brand","embeddable":true,"href":"https:\/\/gajos.sk\/eshop\/wp-json\/wp\/v2\/product_brand?post=345983"},{"taxonomy":"product_cat","embeddable":true,"href":"https:\/\/gajos.sk\/eshop\/wp-json\/wp\/v2\/product_cat?post=345983"},{"taxonomy":"product_tag","embeddable":true,"href":"https:\/\/gajos.sk\/eshop\/wp-json\/wp\/v2\/product_tag?post=345983"}],"curies":[{"name":"wp","href":"https:\/\/api.w.org\/{rel}","templated":true}]}}