{"id":345967,"date":"2024-03-01T21:41:18","date_gmt":"2024-03-01T20:41:18","guid":{"rendered":"https:\/\/gajostest.a2hosted.com\/eshop\/sheldon-hv-bunda\/"},"modified":"2026-05-07T21:42:28","modified_gmt":"2026-05-07T19:42:28","slug":"sheldon-hv-bunda","status":"publish","type":"product","link":"https:\/\/gajos.sk\/eshop\/p\/sheldon-hv-bunda\/","title":{"rendered":"SHELDON HV bunda"},"content":{"rendered":"","protected":false},"excerpt":{"rendered":"<p>p\u00e1nska pracovn\u00e1 HI-VIS bunda; zap\u00ednanie kryt\u00e9 l\u00e9gou na such\u00fd zips; 2 predn\u00e9 vreck\u00e1, 2 n\u00e1prsn\u00e9 vreck\u00e1; 1 n\u00e1prsn\u00e9 vrecko na mobiln\u00fd telef\u00f3n; Oxford 600D zosilnenie lak\u0165ov a ramien; tla\u010den\u00e9 reflexn\u00e9 segmentovan\u00e9 5 cm pruhy okolo p\u00e1su, ruk\u00e1vov a cez ramen\u00e1; kontrastn\u00e9 pre\u0161itie.<\/p>\n","protected":false},"featured_media":345969,"template":"","meta":{"_acf_changed":false,"inline_featured_image":false},"product_brand":[],"product_cat":[2121,2122,2123],"product_tag":[1179],"class_list":{"0":"post-345967","1":"product","2":"type-product","3":"status-publish","4":"has-post-thumbnail","6":"product_cat-odevy","7":"product_cat-bundy-a-kabaty","8":"product_cat-bundy","9":"product_tag-cerva","10":"pa_farba-zlta","11":"pa_velkost-3112","12":"pa_velkost-3174","13":"pa_velkost-3114","14":"pa_velkost-3175","15":"pa_velkost-3121","16":"pa_velkost-3123","17":"pa_velkost-3155","18":"pa_velkost-3157","19":"pa_velkost-3158","20":"pa_velkost-3159","21":"pa_velkost-3160","22":"pa_velkost-3161","23":"pa_velkost-3110","24":"pa_velkost-3162","26":"first","27":"instock","28":"taxable","29":"shipping-taxable","30":"purchasable","31":"product-type-variable"},"acf":[],"_links":{"self":[{"href":"https:\/\/gajos.sk\/eshop\/wp-json\/wp\/v2\/product\/345967","targetHints":{"allow":["GET"]}}],"collection":[{"href":"https:\/\/gajos.sk\/eshop\/wp-json\/wp\/v2\/product"}],"about":[{"href":"https:\/\/gajos.sk\/eshop\/wp-json\/wp\/v2\/types\/product"}],"wp:featuredmedia":[{"embeddable":true,"href":"https:\/\/gajos.sk\/eshop\/wp-json\/wp\/v2\/media\/345969"}],"wp:attachment":[{"href":"https:\/\/gajos.sk\/eshop\/wp-json\/wp\/v2\/media?parent=345967"}],"wp:term":[{"taxonomy":"product_brand","embeddable":true,"href":"https:\/\/gajos.sk\/eshop\/wp-json\/wp\/v2\/product_brand?post=345967"},{"taxonomy":"product_cat","embeddable":true,"href":"https:\/\/gajos.sk\/eshop\/wp-json\/wp\/v2\/product_cat?post=345967"},{"taxonomy":"product_tag","embeddable":true,"href":"https:\/\/gajos.sk\/eshop\/wp-json\/wp\/v2\/product_tag?post=345967"}],"curies":[{"name":"wp","href":"https:\/\/api.w.org\/{rel}","templated":true}]}}