{"id":345896,"date":"2024-03-01T21:39:45","date_gmt":"2024-03-01T20:39:45","guid":{"rendered":"https:\/\/gajostest.a2hosted.com\/eshop\/sartis-079va-bunda\/"},"modified":"2026-04-15T21:48:50","modified_gmt":"2026-04-15T19:48:50","slug":"sartis-079va-bunda","status":"publish","type":"product","link":"https:\/\/gajos.sk\/eshop\/p\/sartis-079va-bunda\/","title":{"rendered":"SARTIS 079VA bunda"},"content":{"rendered":"","protected":false},"excerpt":{"rendered":"<p>pohodln\u00e1 pracovn\u00e1 bunda chr\u00e1niaca pred tepeln\u00fdm \u00fa\u010dinkom elektrick\u00e9ho obl\u00faka; nehor\u013eav\u00e9 5 cm reflexn\u00e9 pruhy; priedu\u0161n\u00e1; zap\u00ednanie na zips kryt\u00e9 l\u00e9gou s cvo\u010dkami; 2 bo\u010dn\u00e9 kapsy na cvoky; 2 n\u00e1prsn\u00e9 kapsy na cvoky; pred\u013a\u017een\u00fd chrb\u00e1t. TENCEL\u2122 je ochrann\u00e1 zn\u00e1mka spolo\u010dnosti Lenzing AG.<\/p>\n","protected":false},"featured_media":345898,"template":"","meta":{"_acf_changed":false,"inline_featured_image":false},"product_brand":[],"product_cat":[2121,2122,2123],"product_tag":[1238],"class_list":{"0":"post-345896","1":"product","2":"type-product","3":"status-publish","4":"has-post-thumbnail","6":"product_cat-odevy","7":"product_cat-bundy-a-kabaty","8":"product_cat-bundy","9":"product_tag-sioen","10":"pa_farba-navy","11":"pa_velkost-3158","12":"pa_velkost-3159","13":"pa_velkost-3160","14":"pa_velkost-3161","15":"pa_velkost-3110","16":"pa_velkost-3162","17":"pa_velkost-3112","18":"pa_velkost-3121","19":"pa_velkost-3123","20":"pa_velkost-3155","21":"pa_velkost-3157","23":"first","24":"instock","25":"taxable","26":"shipping-taxable","27":"purchasable","28":"product-type-variable"},"acf":[],"_links":{"self":[{"href":"https:\/\/gajos.sk\/eshop\/wp-json\/wp\/v2\/product\/345896","targetHints":{"allow":["GET"]}}],"collection":[{"href":"https:\/\/gajos.sk\/eshop\/wp-json\/wp\/v2\/product"}],"about":[{"href":"https:\/\/gajos.sk\/eshop\/wp-json\/wp\/v2\/types\/product"}],"wp:featuredmedia":[{"embeddable":true,"href":"https:\/\/gajos.sk\/eshop\/wp-json\/wp\/v2\/media\/345898"}],"wp:attachment":[{"href":"https:\/\/gajos.sk\/eshop\/wp-json\/wp\/v2\/media?parent=345896"}],"wp:term":[{"taxonomy":"product_brand","embeddable":true,"href":"https:\/\/gajos.sk\/eshop\/wp-json\/wp\/v2\/product_brand?post=345896"},{"taxonomy":"product_cat","embeddable":true,"href":"https:\/\/gajos.sk\/eshop\/wp-json\/wp\/v2\/product_cat?post=345896"},{"taxonomy":"product_tag","embeddable":true,"href":"https:\/\/gajos.sk\/eshop\/wp-json\/wp\/v2\/product_tag?post=345896"}],"curies":[{"name":"wp","href":"https:\/\/api.w.org\/{rel}","templated":true}]}}