{"id":345830,"date":"2024-03-01T21:39:23","date_gmt":"2024-03-01T20:39:23","guid":{"rendered":"https:\/\/gajostest.a2hosted.com\/eshop\/torvik-7330a-hv-bunda\/"},"modified":"2026-04-15T21:48:50","modified_gmt":"2026-04-15T19:48:50","slug":"torvik-7330a-hv-bunda","status":"publish","type":"product","link":"https:\/\/gajos.sk\/eshop\/p\/torvik-7330a-hv-bunda\/","title":{"rendered":"TORVIK 7330A HV bunda"},"content":{"rendered":"","protected":false},"excerpt":{"rendered":"<p>p\u00e1nska HI-VIS antistatick\u00e1 nepremokav\u00e1 bunda; zap\u00ednanie YKK zipsom kryt\u00e9 l\u00e9gou na such\u00fd zips; 1 n\u00e1prsn\u00e9 vrecko, 2 postrann\u00e9 vreck\u00e1, 2 vn\u00fatorn\u00e9 vreck\u00e1; plame\u0148u odoln\u00e9 segmentovan\u00e9 pruhy; nastavite\u013en\u00fd obvod ruk\u00e1vov pomocou such\u00e9ho zipsu; pre TORVIK bundu je mo\u017en\u00e9 pou\u017ei\u0165 ako vn\u00fatorn\u00fa vlo\u017eku TOBADO alebo CARDINIA bundy.<\/p>\n","protected":false},"featured_media":345832,"template":"","meta":{"_acf_changed":false,"inline_featured_image":false},"product_brand":[],"product_cat":[2121,2122,2123],"product_tag":[1238],"class_list":{"0":"post-345830","1":"product","2":"type-product","3":"status-publish","4":"has-post-thumbnail","6":"product_cat-odevy","7":"product_cat-bundy-a-kabaty","8":"product_cat-bundy","9":"product_tag-sioen","10":"pa_farba-hv-oranzova","11":"pa_farba-hv-zlta","12":"pa_velkost-xl","13":"pa_velkost-l","14":"pa_velkost-m","15":"pa_velkost-s","16":"pa_velkost-3xl","17":"pa_velkost-xxl","18":"pa_velkost-5xl","19":"pa_velkost-4xl","20":"pa_velkost-xs","21":"pa_velkost-2xs","23":"first","24":"instock","25":"taxable","26":"shipping-taxable","27":"purchasable","28":"product-type-variable"},"acf":[],"_links":{"self":[{"href":"https:\/\/gajos.sk\/eshop\/wp-json\/wp\/v2\/product\/345830","targetHints":{"allow":["GET"]}}],"collection":[{"href":"https:\/\/gajos.sk\/eshop\/wp-json\/wp\/v2\/product"}],"about":[{"href":"https:\/\/gajos.sk\/eshop\/wp-json\/wp\/v2\/types\/product"}],"wp:featuredmedia":[{"embeddable":true,"href":"https:\/\/gajos.sk\/eshop\/wp-json\/wp\/v2\/media\/345832"}],"wp:attachment":[{"href":"https:\/\/gajos.sk\/eshop\/wp-json\/wp\/v2\/media?parent=345830"}],"wp:term":[{"taxonomy":"product_brand","embeddable":true,"href":"https:\/\/gajos.sk\/eshop\/wp-json\/wp\/v2\/product_brand?post=345830"},{"taxonomy":"product_cat","embeddable":true,"href":"https:\/\/gajos.sk\/eshop\/wp-json\/wp\/v2\/product_cat?post=345830"},{"taxonomy":"product_tag","embeddable":true,"href":"https:\/\/gajos.sk\/eshop\/wp-json\/wp\/v2\/product_tag?post=345830"}],"curies":[{"name":"wp","href":"https:\/\/api.w.org\/{rel}","templated":true}]}}