{"id":345779,"date":"2024-03-01T21:37:49","date_gmt":"2024-03-01T20:37:49","guid":{"rendered":"https:\/\/gajostest.a2hosted.com\/eshop\/max-vivo-hv-bunda\/"},"modified":"2026-05-07T21:42:27","modified_gmt":"2026-05-07T19:42:27","slug":"max-vivo-hv-bunda","status":"publish","type":"product","link":"https:\/\/gajos.sk\/eshop\/p\/max-vivo-hv-bunda\/","title":{"rendered":"MAX VIVO HV bunda"},"content":{"rendered":"","protected":false},"excerpt":{"rendered":"<p>p\u00e1nska HI-VIS pracovn\u00e1 bunda so zap\u00ednan\u00edm na zips; odop\u00ednate\u013en\u00e9 ruk\u00e1vy; 2 predn\u00e9 vreck\u00e1, 2 n\u00e1prsn\u00e9 vreck\u00e1; Oxford 600D zosilnenie v oblasti ramien; dvojice tla\u010den\u00fdch 7 cm reflexn\u00fdch pruhov cez zadn\u00fd obvod p\u00e1su a ruk\u00e1vov; 2 men\u0161ie pruhy cez ramen\u00e1; reflexn\u00e9 lemovky lemuj\u00face zosilnen\u00e9 \u010dasti ruk\u00e1vov a ramien; pru\u017en\u00e9 n\u00e1plety man\u017eiet ruk\u00e1vov a elastick\u00fd spodn\u00fd obvod p\u00e1su.<\/p>\n","protected":false},"featured_media":345781,"template":"","meta":{"_acf_changed":false,"inline_featured_image":false},"product_brand":[],"product_cat":[2121,2122,2123],"product_tag":[1179],"class_list":{"0":"post-345779","1":"product","2":"type-product","3":"status-publish","4":"has-post-thumbnail","6":"product_cat-odevy","7":"product_cat-bundy-a-kabaty","8":"product_cat-bundy","9":"product_tag-cerva","10":"pa_farba-zlta","11":"pa_farba-oranzova","12":"pa_velkost-3158","13":"pa_velkost-3159","14":"pa_velkost-3160","15":"pa_velkost-3161","16":"pa_velkost-3162","17":"pa_velkost-3110","18":"pa_velkost-3174","19":"pa_velkost-3112","20":"pa_velkost-3175","21":"pa_velkost-3121","22":"pa_velkost-3123","23":"pa_velkost-3155","24":"pa_velkost-3157","26":"first","27":"instock","28":"taxable","29":"shipping-taxable","30":"purchasable","31":"product-type-variable"},"acf":[],"_links":{"self":[{"href":"https:\/\/gajos.sk\/eshop\/wp-json\/wp\/v2\/product\/345779","targetHints":{"allow":["GET"]}}],"collection":[{"href":"https:\/\/gajos.sk\/eshop\/wp-json\/wp\/v2\/product"}],"about":[{"href":"https:\/\/gajos.sk\/eshop\/wp-json\/wp\/v2\/types\/product"}],"wp:featuredmedia":[{"embeddable":true,"href":"https:\/\/gajos.sk\/eshop\/wp-json\/wp\/v2\/media\/345781"}],"wp:attachment":[{"href":"https:\/\/gajos.sk\/eshop\/wp-json\/wp\/v2\/media?parent=345779"}],"wp:term":[{"taxonomy":"product_brand","embeddable":true,"href":"https:\/\/gajos.sk\/eshop\/wp-json\/wp\/v2\/product_brand?post=345779"},{"taxonomy":"product_cat","embeddable":true,"href":"https:\/\/gajos.sk\/eshop\/wp-json\/wp\/v2\/product_cat?post=345779"},{"taxonomy":"product_tag","embeddable":true,"href":"https:\/\/gajos.sk\/eshop\/wp-json\/wp\/v2\/product_tag?post=345779"}],"curies":[{"name":"wp","href":"https:\/\/api.w.org\/{rel}","templated":true}]}}