{"id":345494,"date":"2024-03-01T21:35:26","date_gmt":"2024-03-01T20:35:26","guid":{"rendered":"https:\/\/gajostest.a2hosted.com\/eshop\/max-neo-bunda\/"},"modified":"2026-05-07T21:40:29","modified_gmt":"2026-05-07T19:40:29","slug":"max-neo-bunda","status":"publish","type":"product","link":"https:\/\/gajos.sk\/eshop\/p\/max-neo-bunda\/","title":{"rendered":"MAX NEO bunda"},"content":{"rendered":"","protected":false},"excerpt":{"rendered":"<p>p\u00e1nska pracovn\u00e1 bunda so zap\u00ednan\u00edm na zips kryt\u00fdm l\u00e9gou; odop\u00ednate\u013en\u00e9 ruk\u00e1vy; 2 predn\u00e9 vreck\u00e1, 2 n\u00e1prsn\u00e9 vreck\u00e1; zosilnenie nam\u00e1han\u00fdch miest lak\u0165ov a ramien; pru\u017en\u00e9 man\u017eety ruk\u00e1vov a spodn\u00fd obvod v p\u00e1se.<\/p>\n","protected":false},"featured_media":345496,"template":"","meta":{"_acf_changed":false,"inline_featured_image":false},"product_brand":[],"product_cat":[2121,2122,2123],"product_tag":[1179],"class_list":{"0":"post-345494","1":"product","2":"type-product","3":"status-publish","4":"has-post-thumbnail","6":"product_cat-odevy","7":"product_cat-bundy-a-kabaty","8":"product_cat-bundy","9":"product_tag-cerva","10":"pa_farba-biela","11":"pa_farba-modra","12":"pa_farba-navy","13":"pa_farba-antracit","14":"pa_farba-zelena","15":"pa_farba-cervena","16":"pa_farba-cierna","17":"pa_velkost-3158","18":"pa_velkost-3110","19":"pa_velkost-3159","20":"pa_velkost-3112","21":"pa_velkost-3160","22":"pa_velkost-3114","23":"pa_velkost-3161","24":"pa_velkost-3116","25":"pa_velkost-3162","26":"pa_velkost-3118","27":"pa_velkost-3174","28":"pa_velkost-3121","29":"pa_velkost-3175","30":"pa_velkost-3123","31":"pa_velkost-3155","32":"pa_velkost-3157","34":"first","35":"instock","36":"taxable","37":"shipping-taxable","38":"purchasable","39":"product-type-variable"},"acf":[],"_links":{"self":[{"href":"https:\/\/gajos.sk\/eshop\/wp-json\/wp\/v2\/product\/345494","targetHints":{"allow":["GET"]}}],"collection":[{"href":"https:\/\/gajos.sk\/eshop\/wp-json\/wp\/v2\/product"}],"about":[{"href":"https:\/\/gajos.sk\/eshop\/wp-json\/wp\/v2\/types\/product"}],"wp:featuredmedia":[{"embeddable":true,"href":"https:\/\/gajos.sk\/eshop\/wp-json\/wp\/v2\/media\/345496"}],"wp:attachment":[{"href":"https:\/\/gajos.sk\/eshop\/wp-json\/wp\/v2\/media?parent=345494"}],"wp:term":[{"taxonomy":"product_brand","embeddable":true,"href":"https:\/\/gajos.sk\/eshop\/wp-json\/wp\/v2\/product_brand?post=345494"},{"taxonomy":"product_cat","embeddable":true,"href":"https:\/\/gajos.sk\/eshop\/wp-json\/wp\/v2\/product_cat?post=345494"},{"taxonomy":"product_tag","embeddable":true,"href":"https:\/\/gajos.sk\/eshop\/wp-json\/wp\/v2\/product_tag?post=345494"}],"curies":[{"name":"wp","href":"https:\/\/api.w.org\/{rel}","templated":true}]}}