{"id":345432,"date":"2024-03-01T21:35:10","date_gmt":"2024-03-01T20:35:10","guid":{"rendered":"https:\/\/gajostest.a2hosted.com\/eshop\/ff-hans-bunda\/"},"modified":"2026-04-18T01:44:43","modified_gmt":"2026-04-17T23:44:43","slug":"ff-hans-bunda","status":"publish","type":"product","link":"https:\/\/gajos.sk\/eshop\/p\/ff-hans-bunda\/","title":{"rendered":"FF HANS bunda"},"content":{"rendered":"","protected":false},"excerpt":{"rendered":"<p>p\u00e1nska bavlnen\u00e1 pracovn\u00e1 bunda; zap\u00ednanie na zips pokryt\u00e9 chlop\u0148ou; 2 n\u00e1prsn\u00e9 vreck\u00e1 s chlop\u0148ou na such\u00fd zips; 2 multifunk\u010dn\u00e9 bo\u010dn\u00e9 vreck\u00e1 v p\u00e1se; polyesterov\u00e1 oxfordsk\u00e1 v\u00fdstu\u017e v lak\u0165ov\u00fdch \u010dastiach a ramen\u00e1ch.<\/p>\n","protected":false},"featured_media":345434,"template":"","meta":{"_acf_changed":false,"inline_featured_image":false},"product_brand":[],"product_cat":[2121,2122,2123],"product_tag":[1228],"class_list":{"0":"post-345432","1":"product","2":"type-product","3":"status-publish","4":"has-post-thumbnail","6":"product_cat-odevy","7":"product_cat-bundy-a-kabaty","8":"product_cat-bundy","9":"product_tag-fridrich-fridrich","10":"pa_farba-siva-antracit","11":"pa_farba-cierna-antracit","12":"pa_farba-biela-siva","13":"pa_farba-cervena-antracit","14":"pa_farba-zelena-antracit","15":"pa_farba-r-modra-antracit","16":"pa_velkost-3123","17":"pa_velkost-3155","18":"pa_velkost-3157","19":"pa_velkost-3158","20":"pa_velkost-3159","21":"pa_velkost-3160","22":"pa_velkost-3161","23":"pa_velkost-3162","24":"pa_velkost-3110","25":"pa_velkost-3121","27":"first","28":"instock","29":"taxable","30":"shipping-taxable","31":"purchasable","32":"product-type-variable"},"acf":[],"_links":{"self":[{"href":"https:\/\/gajos.sk\/eshop\/wp-json\/wp\/v2\/product\/345432","targetHints":{"allow":["GET"]}}],"collection":[{"href":"https:\/\/gajos.sk\/eshop\/wp-json\/wp\/v2\/product"}],"about":[{"href":"https:\/\/gajos.sk\/eshop\/wp-json\/wp\/v2\/types\/product"}],"wp:featuredmedia":[{"embeddable":true,"href":"https:\/\/gajos.sk\/eshop\/wp-json\/wp\/v2\/media\/345434"}],"wp:attachment":[{"href":"https:\/\/gajos.sk\/eshop\/wp-json\/wp\/v2\/media?parent=345432"}],"wp:term":[{"taxonomy":"product_brand","embeddable":true,"href":"https:\/\/gajos.sk\/eshop\/wp-json\/wp\/v2\/product_brand?post=345432"},{"taxonomy":"product_cat","embeddable":true,"href":"https:\/\/gajos.sk\/eshop\/wp-json\/wp\/v2\/product_cat?post=345432"},{"taxonomy":"product_tag","embeddable":true,"href":"https:\/\/gajos.sk\/eshop\/wp-json\/wp\/v2\/product_tag?post=345432"}],"curies":[{"name":"wp","href":"https:\/\/api.w.org\/{rel}","templated":true}]}}