{"id":344495,"date":"2024-03-01T21:21:48","date_gmt":"2024-03-01T20:21:48","guid":{"rendered":"https:\/\/gajostest.a2hosted.com\/eshop\/loet-baseballova-ciapka\/"},"modified":"2026-04-15T21:44:34","modified_gmt":"2026-04-15T19:44:34","slug":"loet-baseballova-ciapka","status":"publish","type":"product","link":"https:\/\/gajos.sk\/eshop\/p\/loet-baseballova-ciapka\/","title":{"rendered":"LOET baseballov\u00e1 \u010diapka"},"content":{"rendered":"","protected":false},"excerpt":{"rendered":"<p>p\u00e1nska baseballov\u00e1 \u010diapka s plastovou sponou pre nastavenie obvodu<\/p>\n","protected":false},"featured_media":344497,"template":"","meta":{"_acf_changed":false,"inline_featured_image":false},"product_brand":[],"product_cat":[2121,2149,2140],"product_tag":[1274],"class_list":{"0":"post-344495","1":"product","2":"type-product","3":"status-publish","4":"has-post-thumbnail","6":"product_cat-odevy","7":"product_cat-pokryvka-hlavy","8":"product_cat-ostatne-odevy","9":"product_tag-safeworker","10":"pa_farba-cierna","11":"pa_farba-navy","12":"pa_farba-pieskova","14":"first","15":"instock","16":"taxable","17":"shipping-taxable","18":"purchasable","19":"product-type-variable"},"acf":[],"_links":{"self":[{"href":"https:\/\/gajos.sk\/eshop\/wp-json\/wp\/v2\/product\/344495","targetHints":{"allow":["GET"]}}],"collection":[{"href":"https:\/\/gajos.sk\/eshop\/wp-json\/wp\/v2\/product"}],"about":[{"href":"https:\/\/gajos.sk\/eshop\/wp-json\/wp\/v2\/types\/product"}],"wp:featuredmedia":[{"embeddable":true,"href":"https:\/\/gajos.sk\/eshop\/wp-json\/wp\/v2\/media\/344497"}],"wp:attachment":[{"href":"https:\/\/gajos.sk\/eshop\/wp-json\/wp\/v2\/media?parent=344495"}],"wp:term":[{"taxonomy":"product_brand","embeddable":true,"href":"https:\/\/gajos.sk\/eshop\/wp-json\/wp\/v2\/product_brand?post=344495"},{"taxonomy":"product_cat","embeddable":true,"href":"https:\/\/gajos.sk\/eshop\/wp-json\/wp\/v2\/product_cat?post=344495"},{"taxonomy":"product_tag","embeddable":true,"href":"https:\/\/gajos.sk\/eshop\/wp-json\/wp\/v2\/product_tag?post=344495"}],"curies":[{"name":"wp","href":"https:\/\/api.w.org\/{rel}","templated":true}]}}