{"id":344480,"date":"2024-03-01T21:21:42","date_gmt":"2024-03-01T20:21:42","guid":{"rendered":"https:\/\/gajostest.a2hosted.com\/eshop\/yowie-new-leginy\/"},"modified":"2026-05-07T21:38:26","modified_gmt":"2026-05-07T19:38:26","slug":"yowie-new-leginy","status":"publish","type":"product","link":"https:\/\/gajos.sk\/eshop\/p\/yowie-new-leginy\/","title":{"rendered":"YOWIE NEW leginy"},"content":{"rendered":"","protected":false},"excerpt":{"rendered":"<p>d\u00e1msk\u00e9 leg\u00edny vyroben\u00e9 z elastick\u00e9ho \u00fapletu bavlna\/ spandex; dekorativna potla\u010d v spodnej  \u010dasti nohav\u00edc; perfektn\u00fd strih; atrakt\u00edvna farebn\u00e1 kombin\u00e1cia ladiaca ku kolekcii Yowie<\/p>\n","protected":false},"featured_media":344482,"template":"","meta":{"_acf_changed":false,"inline_featured_image":false},"product_brand":[],"product_cat":[2457,2121,2169],"product_tag":[1244],"class_list":{"0":"post-344480","1":"product","2":"type-product","3":"status-publish","4":"has-post-thumbnail","6":"product_cat-leginy","7":"product_cat-odevy","8":"product_cat-spodne-pradlo","9":"product_tag-crv","10":"pa_farba-navy-sv-fialova","11":"pa_velkost-s","12":"pa_velkost-3xl","13":"pa_velkost-xxl","14":"pa_velkost-xs","15":"pa_velkost-xl","16":"pa_velkost-l","17":"pa_velkost-m","19":"first","20":"instock","21":"taxable","22":"shipping-taxable","23":"purchasable","24":"product-type-variable"},"acf":[],"_links":{"self":[{"href":"https:\/\/gajos.sk\/eshop\/wp-json\/wp\/v2\/product\/344480","targetHints":{"allow":["GET"]}}],"collection":[{"href":"https:\/\/gajos.sk\/eshop\/wp-json\/wp\/v2\/product"}],"about":[{"href":"https:\/\/gajos.sk\/eshop\/wp-json\/wp\/v2\/types\/product"}],"wp:featuredmedia":[{"embeddable":true,"href":"https:\/\/gajos.sk\/eshop\/wp-json\/wp\/v2\/media\/344482"}],"wp:attachment":[{"href":"https:\/\/gajos.sk\/eshop\/wp-json\/wp\/v2\/media?parent=344480"}],"wp:term":[{"taxonomy":"product_brand","embeddable":true,"href":"https:\/\/gajos.sk\/eshop\/wp-json\/wp\/v2\/product_brand?post=344480"},{"taxonomy":"product_cat","embeddable":true,"href":"https:\/\/gajos.sk\/eshop\/wp-json\/wp\/v2\/product_cat?post=344480"},{"taxonomy":"product_tag","embeddable":true,"href":"https:\/\/gajos.sk\/eshop\/wp-json\/wp\/v2\/product_tag?post=344480"}],"curies":[{"name":"wp","href":"https:\/\/api.w.org\/{rel}","templated":true}]}}