{"id":344339,"date":"2024-03-01T21:19:50","date_gmt":"2024-03-01T20:19:50","guid":{"rendered":"https:\/\/gajostest.a2hosted.com\/eshop\/arran-hv-polokosela-dlhy-rukav\/"},"modified":"2026-04-15T21:44:34","modified_gmt":"2026-04-15T19:44:34","slug":"arran-hv-polokosela-dlhy-rukav","status":"publish","type":"product","link":"https:\/\/gajos.sk\/eshop\/p\/arran-hv-polokosela-dlhy-rukav\/","title":{"rendered":"ARRAN HV poloko\u0161e\u013ea dlhy ruk\u00e1v"},"content":{"rendered":"","protected":false},"excerpt":{"rendered":"<p>p\u00e1nske HI-VIS antistatick\u00e9 polo tri\u010dko s dlh\u00fdm ruk\u00e1vom; odoln\u00e9 vo\u010di plame\u0148u; dobr\u00e1 regul\u00e1cia odvodu vlhkosti a antibakteri\u00e1lna \u00faprava proti z\u00e1pachu; segmentovan\u00e9 tla\u010den\u00e9 reflexn\u00e9 pruhy okolo hrude, ruk\u00e1vov a cez ramen\u00e1; zap\u00ednanie na cvoky kryt\u00e9 l\u00e9gou.<\/p>\n","protected":false},"featured_media":344341,"template":"","meta":{"_acf_changed":false,"inline_featured_image":false},"product_brand":[],"product_cat":[2165,2121,2135],"product_tag":[1238],"class_list":{"0":"post-344339","1":"product","2":"type-product","3":"status-publish","4":"has-post-thumbnail","6":"product_cat-polokosele","7":"product_cat-odevy","8":"product_cat-tricka-a-kosele","9":"product_tag-sioen","10":"pa_farba-zlta-navy","11":"pa_velkost-s","12":"pa_velkost-3xl","13":"pa_velkost-xxl","14":"pa_velkost-xl","15":"pa_velkost-l","16":"pa_velkost-m","18":"first","19":"instock","20":"taxable","21":"shipping-taxable","22":"purchasable","23":"product-type-variable"},"acf":[],"_links":{"self":[{"href":"https:\/\/gajos.sk\/eshop\/wp-json\/wp\/v2\/product\/344339","targetHints":{"allow":["GET"]}}],"collection":[{"href":"https:\/\/gajos.sk\/eshop\/wp-json\/wp\/v2\/product"}],"about":[{"href":"https:\/\/gajos.sk\/eshop\/wp-json\/wp\/v2\/types\/product"}],"wp:featuredmedia":[{"embeddable":true,"href":"https:\/\/gajos.sk\/eshop\/wp-json\/wp\/v2\/media\/344341"}],"wp:attachment":[{"href":"https:\/\/gajos.sk\/eshop\/wp-json\/wp\/v2\/media?parent=344339"}],"wp:term":[{"taxonomy":"product_brand","embeddable":true,"href":"https:\/\/gajos.sk\/eshop\/wp-json\/wp\/v2\/product_brand?post=344339"},{"taxonomy":"product_cat","embeddable":true,"href":"https:\/\/gajos.sk\/eshop\/wp-json\/wp\/v2\/product_cat?post=344339"},{"taxonomy":"product_tag","embeddable":true,"href":"https:\/\/gajos.sk\/eshop\/wp-json\/wp\/v2\/product_tag?post=344339"}],"curies":[{"name":"wp","href":"https:\/\/api.w.org\/{rel}","templated":true}]}}