{"id":343991,"date":"2024-03-01T21:15:23","date_gmt":"2024-03-01T20:15:23","guid":{"rendered":"https:\/\/gajostest.a2hosted.com\/eshop\/zosma-ponozky\/"},"modified":"2026-04-25T21:46:06","modified_gmt":"2026-04-25T19:46:06","slug":"zosma-ponozky","status":"publish","type":"product","link":"https:\/\/gajos.sk\/eshop\/p\/zosma-ponozky\/","title":{"rendered":"ZOSMA pono\u017eky"},"content":{"rendered":"","protected":false},"excerpt":{"rendered":"<p>\u0160peci\u00e1lne pono\u017eky vytvoren\u00e9 do n\u00e1ro\u010dn\u00e9ho pracovn\u00e9ho prostredia. Pracovn\u00e9 pono\u017eky ZOSMA s\u00fa vyvinut\u00e9 s pou\u017eit\u00edm najnov\u0161\u00edch technol\u00f3gi\u00ed vo v\u00fdrobe a kombin\u00e1ciou \u0161peci\u00e1lne upravovan\u00fdch vl\u00e1kien, ktor\u00e9 zaru\u010duj\u00fa: &#8211; maxim\u00e1lne pohodln\u00fd ne\u0161krtiaci lem &#8211; maxim\u00e1lnu ochranu nohy pri extr\u00e9mnej pracovnej z\u00e1\u0165a\u017ei &#8211; ide\u00e1lny odvod potu &#8211; dokonal\u00fa tepeln\u00fa izol\u00e1ciu &#8211; ve\u013emi jemn\u00e9 \u0161itie na \u0161pi\u010dke &#8211; elastick\u00fa band\u00e1\u017e proti posunu pono\u017eky v obuvi &#8211; m\u00e4kko podlo\u017een\u00e9 z\u00f3ny na ochranu nohy pred otlakmi a p\u013euzgiermi &#8211; vetracie kan\u00e1liky zaru\u010dia ide\u00e1lnu kl\u00edmu aj pri extr\u00e9mnej z\u00e1\u0165a\u017ei.<\/p>\n","protected":false},"featured_media":343993,"template":"","meta":{"_acf_changed":false,"inline_featured_image":false},"product_brand":[],"product_cat":[2121,2141,2140],"product_tag":[1244],"class_list":{"0":"post-343991","1":"product","2":"type-product","3":"status-publish","4":"has-post-thumbnail","6":"product_cat-odevy","7":"product_cat-ponozky","8":"product_cat-ostatne-odevy","9":"product_tag-crv","10":"pa_farba-siva","11":"pa_velkost-c-47","12":"pa_velkost-c-45","13":"pa_velkost-c-43","14":"pa_velkost-c-41","15":"pa_velkost-c-39","16":"pa_velkost-c-35","17":"pa_velkost-c-37","19":"first","20":"instock","21":"taxable","22":"shipping-taxable","23":"purchasable","24":"product-type-variable"},"acf":[],"_links":{"self":[{"href":"https:\/\/gajos.sk\/eshop\/wp-json\/wp\/v2\/product\/343991","targetHints":{"allow":["GET"]}}],"collection":[{"href":"https:\/\/gajos.sk\/eshop\/wp-json\/wp\/v2\/product"}],"about":[{"href":"https:\/\/gajos.sk\/eshop\/wp-json\/wp\/v2\/types\/product"}],"wp:featuredmedia":[{"embeddable":true,"href":"https:\/\/gajos.sk\/eshop\/wp-json\/wp\/v2\/media\/343993"}],"wp:attachment":[{"href":"https:\/\/gajos.sk\/eshop\/wp-json\/wp\/v2\/media?parent=343991"}],"wp:term":[{"taxonomy":"product_brand","embeddable":true,"href":"https:\/\/gajos.sk\/eshop\/wp-json\/wp\/v2\/product_brand?post=343991"},{"taxonomy":"product_cat","embeddable":true,"href":"https:\/\/gajos.sk\/eshop\/wp-json\/wp\/v2\/product_cat?post=343991"},{"taxonomy":"product_tag","embeddable":true,"href":"https:\/\/gajos.sk\/eshop\/wp-json\/wp\/v2\/product_tag?post=343991"}],"curies":[{"name":"wp","href":"https:\/\/api.w.org\/{rel}","templated":true}]}}