{"id":343959,"date":"2024-03-01T21:15:08","date_gmt":"2024-03-01T20:15:08","guid":{"rendered":"https:\/\/gajostest.a2hosted.com\/eshop\/chemsafe-cool-overal\/"},"modified":"2026-05-07T21:38:25","modified_gmt":"2026-05-07T19:38:25","slug":"chemsafe-cool-overal","status":"publish","type":"product","link":"https:\/\/gajos.sk\/eshop\/p\/chemsafe-cool-overal\/","title":{"rendered":"CHEMSAFE COOL overal"},"content":{"rendered":"","protected":false},"excerpt":{"rendered":"<p>ochrann\u00e1 antistatick\u00e1 kombin\u00e9za s kapuc\u0148ou; predn\u00fd materi\u00e1l je vyroben\u00fd s mikropor\u00e9znou paropriepustnou vrstvou, zadn\u00e9 panely v modrej farbe s\u00fa z materi\u00e1lu SMMS, ktor\u00fd je neuverite\u013ene priedu\u0161n\u00fd; priedu\u0161nos\u0165 v\u00fdrazne zlep\u0161uje komfort pre u\u017e\u00edvate\u013ea pri pr\u00e1ci; na konci man\u017eiet s\u00fa umiestnen\u00e9 p\u00fatka na palce, aby ruk\u00e1vy v\u017edy perfektne sedeli na ruk\u00e1ch<\/p>\n","protected":false},"featured_media":343961,"template":"","meta":{"_acf_changed":false,"inline_featured_image":false},"product_brand":[],"product_cat":[2175],"product_tag":[1179],"class_list":{"0":"post-343959","1":"product","2":"type-product","3":"status-publish","4":"has-post-thumbnail","6":"product_cat-produkty","7":"product_tag-cerva","8":"pa_farba-biela-modra","9":"pa_velkost-xl","10":"pa_velkost-l","11":"pa_velkost-m","12":"pa_velkost-s","13":"pa_velkost-3xl","14":"pa_velkost-xxl","16":"first","17":"instock","18":"taxable","19":"shipping-taxable","20":"purchasable","21":"product-type-variable"},"acf":[],"_links":{"self":[{"href":"https:\/\/gajos.sk\/eshop\/wp-json\/wp\/v2\/product\/343959","targetHints":{"allow":["GET"]}}],"collection":[{"href":"https:\/\/gajos.sk\/eshop\/wp-json\/wp\/v2\/product"}],"about":[{"href":"https:\/\/gajos.sk\/eshop\/wp-json\/wp\/v2\/types\/product"}],"wp:featuredmedia":[{"embeddable":true,"href":"https:\/\/gajos.sk\/eshop\/wp-json\/wp\/v2\/media\/343961"}],"wp:attachment":[{"href":"https:\/\/gajos.sk\/eshop\/wp-json\/wp\/v2\/media?parent=343959"}],"wp:term":[{"taxonomy":"product_brand","embeddable":true,"href":"https:\/\/gajos.sk\/eshop\/wp-json\/wp\/v2\/product_brand?post=343959"},{"taxonomy":"product_cat","embeddable":true,"href":"https:\/\/gajos.sk\/eshop\/wp-json\/wp\/v2\/product_cat?post=343959"},{"taxonomy":"product_tag","embeddable":true,"href":"https:\/\/gajos.sk\/eshop\/wp-json\/wp\/v2\/product_tag?post=343959"}],"curies":[{"name":"wp","href":"https:\/\/api.w.org\/{rel}","templated":true}]}}