{"id":343912,"date":"2024-03-01T21:13:49","date_gmt":"2024-03-01T20:13:49","guid":{"rendered":"https:\/\/gajostest.a2hosted.com\/eshop\/tyvek-500\/"},"modified":"2026-05-07T21:38:25","modified_gmt":"2026-05-07T19:38:25","slug":"tyvek-500","status":"publish","type":"product","link":"https:\/\/gajos.sk\/eshop\/p\/tyvek-500\/","title":{"rendered":"Tyvek 500"},"content":{"rendered":"","protected":false},"excerpt":{"rendered":"<p>Vysoko vidite\u013en\u00fd oran\u017eov\u00fd ochrann\u00fd oblek s golierom, typ 5\/6. Chr\u00e1nil u\u017e\u00edvate\u013ea proti prachu a \u013eahk\u00e9mu kvapaln\u00e9mu postreku. Vhodn\u00fd na pr\u00e1ce pri \u00fadr\u017ebe ciest a \u017eelezn\u00edc, na letisk\u00e1ch, v petrochemickom a plyn\u00e1renskom priemysle, pri spracovan\u00ed odpadov, likvid\u00e1cii hav\u00e1ri\u00ed at\u010f. \u0160it\u00e9 \u0161vy. Elastick\u00e9 man\u017eety a lemy nohav\u00edc, elastick\u00fd p\u00e1s. Antistatick\u00e1 \u00faprava na vn\u00fatornej strane.<\/p>\n","protected":false},"featured_media":343914,"template":"","meta":{"_acf_changed":false,"inline_featured_image":false},"product_brand":[],"product_cat":[2175],"product_tag":[1206],"class_list":{"0":"post-343912","1":"product","2":"type-product","3":"status-publish","4":"has-post-thumbnail","6":"product_cat-produkty","7":"product_tag-dupont","8":"pa_farba-hv-oranzova","9":"pa_velkost-xl","10":"pa_velkost-l","11":"pa_velkost-m","12":"pa_velkost-3xl","13":"pa_velkost-xxl","15":"first","16":"instock","17":"taxable","18":"shipping-taxable","19":"purchasable","20":"product-type-variable"},"acf":[],"_links":{"self":[{"href":"https:\/\/gajos.sk\/eshop\/wp-json\/wp\/v2\/product\/343912","targetHints":{"allow":["GET"]}}],"collection":[{"href":"https:\/\/gajos.sk\/eshop\/wp-json\/wp\/v2\/product"}],"about":[{"href":"https:\/\/gajos.sk\/eshop\/wp-json\/wp\/v2\/types\/product"}],"wp:featuredmedia":[{"embeddable":true,"href":"https:\/\/gajos.sk\/eshop\/wp-json\/wp\/v2\/media\/343914"}],"wp:attachment":[{"href":"https:\/\/gajos.sk\/eshop\/wp-json\/wp\/v2\/media?parent=343912"}],"wp:term":[{"taxonomy":"product_brand","embeddable":true,"href":"https:\/\/gajos.sk\/eshop\/wp-json\/wp\/v2\/product_brand?post=343912"},{"taxonomy":"product_cat","embeddable":true,"href":"https:\/\/gajos.sk\/eshop\/wp-json\/wp\/v2\/product_cat?post=343912"},{"taxonomy":"product_tag","embeddable":true,"href":"https:\/\/gajos.sk\/eshop\/wp-json\/wp\/v2\/product_tag?post=343912"}],"curies":[{"name":"wp","href":"https:\/\/api.w.org\/{rel}","templated":true}]}}