{"id":343890,"date":"2024-03-01T21:13:40","date_gmt":"2024-03-01T20:13:40","guid":{"rendered":"https:\/\/gajostest.a2hosted.com\/eshop\/tyvek-500-xpert-ecopack\/"},"modified":"2026-05-07T21:38:25","modified_gmt":"2026-05-07T19:38:25","slug":"tyvek-500-xpert-ecopack","status":"publish","type":"product","link":"https:\/\/gajos.sk\/eshop\/p\/tyvek-500-xpert-ecopack\/","title":{"rendered":"Tyvek 500 Xpert Ecopack"},"content":{"rendered":"","protected":false},"excerpt":{"rendered":"<p>CLASSIC XPERT \u2013 ECO PACK Nov\u00fd koncept balenia, ktor\u00fd pom\u00e1ha zni\u017eova\u0165 ekologick\u00fa stopu. Namiesto jednotlivo balen\u00fdch odevov s jednotliv\u00fdmi n\u00e1vodmi na pou\u017eitie obsahuje krabica Tyvek\u00ae Classic Xpert Eco-Pack 100 odevov, balen\u00fdch po 25 ks a s jedn\u00fdm v\u00fdtla\u010dkom n\u00e1vodu, bez \u010fal\u0161\u00edch jednotliv\u00fdch obalov a dokument\u00e1cie. T\u00fdm sa zni\u017euje celkov\u00e1 hmotnos\u0165 balenia a mno\u017estvo plastov\u00e9ho a papierov\u00e9ho odpadu ur\u010den\u00e9ho na n\u00e1sledn\u00fa likvid\u00e1ciu.<\/p>\n","protected":false},"featured_media":343668,"template":"","meta":{"_acf_changed":false,"inline_featured_image":false},"product_brand":[],"product_cat":[2175],"product_tag":[1206],"class_list":{"0":"post-343890","1":"product","2":"type-product","3":"status-publish","4":"has-post-thumbnail","6":"product_cat-produkty","7":"product_tag-dupont","8":"pa_farba-biela","9":"pa_velkost-xl","10":"pa_velkost-l","11":"pa_velkost-m","12":"pa_velkost-3xl","13":"pa_velkost-xxl","15":"first","16":"instock","17":"taxable","18":"shipping-taxable","19":"purchasable","20":"product-type-variable"},"acf":[],"_links":{"self":[{"href":"https:\/\/gajos.sk\/eshop\/wp-json\/wp\/v2\/product\/343890","targetHints":{"allow":["GET"]}}],"collection":[{"href":"https:\/\/gajos.sk\/eshop\/wp-json\/wp\/v2\/product"}],"about":[{"href":"https:\/\/gajos.sk\/eshop\/wp-json\/wp\/v2\/types\/product"}],"wp:featuredmedia":[{"embeddable":true,"href":"https:\/\/gajos.sk\/eshop\/wp-json\/wp\/v2\/media\/343668"}],"wp:attachment":[{"href":"https:\/\/gajos.sk\/eshop\/wp-json\/wp\/v2\/media?parent=343890"}],"wp:term":[{"taxonomy":"product_brand","embeddable":true,"href":"https:\/\/gajos.sk\/eshop\/wp-json\/wp\/v2\/product_brand?post=343890"},{"taxonomy":"product_cat","embeddable":true,"href":"https:\/\/gajos.sk\/eshop\/wp-json\/wp\/v2\/product_cat?post=343890"},{"taxonomy":"product_tag","embeddable":true,"href":"https:\/\/gajos.sk\/eshop\/wp-json\/wp\/v2\/product_tag?post=343890"}],"curies":[{"name":"wp","href":"https:\/\/api.w.org\/{rel}","templated":true}]}}