{"id":343704,"date":"2024-03-01T21:11:09","date_gmt":"2024-03-01T20:11:09","guid":{"rendered":"https:\/\/gajostest.a2hosted.com\/eshop\/tychem-2000-c-overal\/"},"modified":"2026-05-07T21:36:33","modified_gmt":"2026-05-07T19:36:33","slug":"tychem-2000-c-overal","status":"publish","type":"product","link":"https:\/\/gajos.sk\/eshop\/p\/tychem-2000-c-overal\/","title":{"rendered":"Tychem 2000 C overal"},"content":{"rendered":"","protected":false},"excerpt":{"rendered":"<p>Antistatick\u00e1 vodeodoln\u00e1 kombin\u00e9za Tychem C (DuPont) s kapuc\u0148ou a prelepen\u00fdmi \u0161vami, odoln\u00e1 koncentrovan\u00fdm anorganick\u00fdm chemik\u00e1li\u00e1m a ultra jemn\u00fdm \u010dasticiam, patr\u00ed do kateg\u00f3rie CE III, typ 3, 4, 5 a 6.<\/p>\n","protected":false},"featured_media":343706,"template":"","meta":{"_acf_changed":false,"inline_featured_image":false},"product_brand":[],"product_cat":[2175],"product_tag":[1206],"class_list":{"0":"post-343704","1":"product","2":"type-product","3":"status-publish","4":"has-post-thumbnail","6":"product_cat-produkty","7":"product_tag-dupont","8":"pa_farba-zlta","9":"pa_velkost-3xl","10":"pa_velkost-xxl","11":"pa_velkost-xl","12":"pa_velkost-l","13":"pa_velkost-m","15":"first","16":"instock","17":"taxable","18":"shipping-taxable","19":"purchasable","20":"product-type-variable"},"acf":[],"_links":{"self":[{"href":"https:\/\/gajos.sk\/eshop\/wp-json\/wp\/v2\/product\/343704","targetHints":{"allow":["GET"]}}],"collection":[{"href":"https:\/\/gajos.sk\/eshop\/wp-json\/wp\/v2\/product"}],"about":[{"href":"https:\/\/gajos.sk\/eshop\/wp-json\/wp\/v2\/types\/product"}],"wp:featuredmedia":[{"embeddable":true,"href":"https:\/\/gajos.sk\/eshop\/wp-json\/wp\/v2\/media\/343706"}],"wp:attachment":[{"href":"https:\/\/gajos.sk\/eshop\/wp-json\/wp\/v2\/media?parent=343704"}],"wp:term":[{"taxonomy":"product_brand","embeddable":true,"href":"https:\/\/gajos.sk\/eshop\/wp-json\/wp\/v2\/product_brand?post=343704"},{"taxonomy":"product_cat","embeddable":true,"href":"https:\/\/gajos.sk\/eshop\/wp-json\/wp\/v2\/product_cat?post=343704"},{"taxonomy":"product_tag","embeddable":true,"href":"https:\/\/gajos.sk\/eshop\/wp-json\/wp\/v2\/product_tag?post=343704"}],"curies":[{"name":"wp","href":"https:\/\/api.w.org\/{rel}","templated":true}]}}