{"id":343639,"date":"2024-03-01T21:09:41","date_gmt":"2024-03-01T20:09:41","guid":{"rendered":"https:\/\/gajostest.a2hosted.com\/eshop\/chemsafe-500-overal\/"},"modified":"2026-05-07T21:36:33","modified_gmt":"2026-05-07T19:36:33","slug":"chemsafe-500-overal","status":"publish","type":"product","link":"https:\/\/gajos.sk\/eshop\/p\/chemsafe-500-overal\/","title":{"rendered":"CHEMSAFE 500 OVERAL"},"content":{"rendered":"","protected":false},"excerpt":{"rendered":"<p>Ochrann\u00e1 antistatick\u00e1 kombin\u00e9za s kapuc\u0148ou, mikropor\u00e9znou paropriepustnou vrstvou, predn\u00fd zips kryt\u00fd pr\u00edklopkou a s gumi\u010dkou s\u0165ahovate\u013en\u00fdmi ruk\u00e1vmi a nohavicami. Odev patr\u00ed do kateg\u00f3rie CE III, typ 5 a 6, je odoln\u00fd radu chemik\u00e1li\u00ed, prieniku r\u00e1dioakt\u00edvnych \u010dast\u00edc a infek\u010dn\u00fdch agensov.<\/p>\n","protected":false},"featured_media":343641,"template":"","meta":{"_acf_changed":false,"inline_featured_image":false},"product_brand":[],"product_cat":[2175],"product_tag":[1179],"class_list":{"0":"post-343639","1":"product","2":"type-product","3":"status-publish","4":"has-post-thumbnail","6":"product_cat-produkty","7":"product_tag-cerva","8":"pa_farba-biela","9":"pa_velkost-xl","10":"pa_velkost-l","11":"pa_velkost-m","12":"pa_velkost-s","13":"pa_velkost-3xl","14":"pa_velkost-xxl","16":"first","17":"instock","18":"taxable","19":"shipping-taxable","20":"purchasable","21":"product-type-variable"},"acf":[],"_links":{"self":[{"href":"https:\/\/gajos.sk\/eshop\/wp-json\/wp\/v2\/product\/343639","targetHints":{"allow":["GET"]}}],"collection":[{"href":"https:\/\/gajos.sk\/eshop\/wp-json\/wp\/v2\/product"}],"about":[{"href":"https:\/\/gajos.sk\/eshop\/wp-json\/wp\/v2\/types\/product"}],"wp:featuredmedia":[{"embeddable":true,"href":"https:\/\/gajos.sk\/eshop\/wp-json\/wp\/v2\/media\/343641"}],"wp:attachment":[{"href":"https:\/\/gajos.sk\/eshop\/wp-json\/wp\/v2\/media?parent=343639"}],"wp:term":[{"taxonomy":"product_brand","embeddable":true,"href":"https:\/\/gajos.sk\/eshop\/wp-json\/wp\/v2\/product_brand?post=343639"},{"taxonomy":"product_cat","embeddable":true,"href":"https:\/\/gajos.sk\/eshop\/wp-json\/wp\/v2\/product_cat?post=343639"},{"taxonomy":"product_tag","embeddable":true,"href":"https:\/\/gajos.sk\/eshop\/wp-json\/wp\/v2\/product_tag?post=343639"}],"curies":[{"name":"wp","href":"https:\/\/api.w.org\/{rel}","templated":true}]}}