{"id":343363,"date":"2024-03-01T21:05:21","date_gmt":"2024-03-01T20:05:21","guid":{"rendered":"https:\/\/gajostest.a2hosted.com\/eshop\/bat-zastera-z-ocelovych-kruzkov-90x55\/"},"modified":"2026-04-11T17:51:08","modified_gmt":"2026-04-11T15:51:08","slug":"bat-zastera-z-ocelovych-kruzkov-90x55","status":"publish","type":"product","link":"https:\/\/gajos.sk\/eshop\/p\/bat-zastera-z-ocelovych-kruzkov-90x55\/","title":{"rendered":"BAT Z\u00e1stera z ocelov\u00fdch kr\u00fa\u017ekov 90&#215;55"},"content":{"rendered":"","protected":false},"excerpt":{"rendered":"<p>ochrann\u00e1 m\u00e4siarska z\u00e1stera proti porezaniu a bodnutiu; vyroben\u00e9 z kr\u00fa\u017ekov z nehrdzavej\u00facej ocele v kombin\u00e1cii s hlin\u00edkov\u00fdmi o\u010dkami; nastavite\u013en\u00e1 d\u013a\u017eka s trakmi; d\u013a\u017eka 90 cm.<\/p>\n","protected":false},"featured_media":343365,"template":"","meta":{"_acf_changed":false,"inline_featured_image":false},"product_brand":[],"product_cat":[2175],"product_tag":[1329],"class_list":{"0":"post-343363","1":"product","2":"type-product","3":"status-publish","4":"has-post-thumbnail","6":"product_cat-produkty","7":"product_tag-batmetall","8":"pa_velkost-uni","10":"first","11":"instock","12":"taxable","13":"shipping-taxable","14":"product-type-variable"},"acf":[],"_links":{"self":[{"href":"https:\/\/gajos.sk\/eshop\/wp-json\/wp\/v2\/product\/343363","targetHints":{"allow":["GET"]}}],"collection":[{"href":"https:\/\/gajos.sk\/eshop\/wp-json\/wp\/v2\/product"}],"about":[{"href":"https:\/\/gajos.sk\/eshop\/wp-json\/wp\/v2\/types\/product"}],"wp:featuredmedia":[{"embeddable":true,"href":"https:\/\/gajos.sk\/eshop\/wp-json\/wp\/v2\/media\/343365"}],"wp:attachment":[{"href":"https:\/\/gajos.sk\/eshop\/wp-json\/wp\/v2\/media?parent=343363"}],"wp:term":[{"taxonomy":"product_brand","embeddable":true,"href":"https:\/\/gajos.sk\/eshop\/wp-json\/wp\/v2\/product_brand?post=343363"},{"taxonomy":"product_cat","embeddable":true,"href":"https:\/\/gajos.sk\/eshop\/wp-json\/wp\/v2\/product_cat?post=343363"},{"taxonomy":"product_tag","embeddable":true,"href":"https:\/\/gajos.sk\/eshop\/wp-json\/wp\/v2\/product_tag?post=343363"}],"curies":[{"name":"wp","href":"https:\/\/api.w.org\/{rel}","templated":true}]}}