{"id":343313,"date":"2024-03-01T21:04:00","date_gmt":"2024-03-01T20:04:00","guid":{"rendered":"https:\/\/gajostest.a2hosted.com\/eshop\/struve-ochr-celokozena-zastera-100x80-cm\/"},"modified":"2026-05-07T21:36:33","modified_gmt":"2026-05-07T19:36:33","slug":"struve-ochr-celokozena-zastera-100x80-cm","status":"publish","type":"product","link":"https:\/\/gajos.sk\/eshop\/p\/struve-ochr-celokozena-zastera-100x80-cm\/","title":{"rendered":"STRUVE ochr.celoko\u017een\u00e1 z\u00e1stera 100&#215;80 cm"},"content":{"rendered":"","protected":false},"excerpt":{"rendered":"<p>Ko\u017een\u00e1 ochrann\u00e1 z\u00e1stera. 100&#215;80 cm.<\/p>\n","protected":false},"featured_media":343315,"template":"","meta":{"_acf_changed":false,"inline_featured_image":false},"product_brand":[],"product_cat":[2175],"product_tag":[1179],"class_list":{"0":"post-343313","1":"product","2":"type-product","3":"status-publish","4":"has-post-thumbnail","6":"product_cat-produkty","7":"product_tag-cerva","8":"pa_farba-siva","10":"first","11":"instock","12":"taxable","13":"shipping-taxable","14":"purchasable","15":"product-type-variable"},"acf":[],"_links":{"self":[{"href":"https:\/\/gajos.sk\/eshop\/wp-json\/wp\/v2\/product\/343313","targetHints":{"allow":["GET"]}}],"collection":[{"href":"https:\/\/gajos.sk\/eshop\/wp-json\/wp\/v2\/product"}],"about":[{"href":"https:\/\/gajos.sk\/eshop\/wp-json\/wp\/v2\/types\/product"}],"wp:featuredmedia":[{"embeddable":true,"href":"https:\/\/gajos.sk\/eshop\/wp-json\/wp\/v2\/media\/343315"}],"wp:attachment":[{"href":"https:\/\/gajos.sk\/eshop\/wp-json\/wp\/v2\/media?parent=343313"}],"wp:term":[{"taxonomy":"product_brand","embeddable":true,"href":"https:\/\/gajos.sk\/eshop\/wp-json\/wp\/v2\/product_brand?post=343313"},{"taxonomy":"product_cat","embeddable":true,"href":"https:\/\/gajos.sk\/eshop\/wp-json\/wp\/v2\/product_cat?post=343313"},{"taxonomy":"product_tag","embeddable":true,"href":"https:\/\/gajos.sk\/eshop\/wp-json\/wp\/v2\/product_tag?post=343313"}],"curies":[{"name":"wp","href":"https:\/\/api.w.org\/{rel}","templated":true}]}}