{"id":343171,"date":"2024-03-01T21:01:28","date_gmt":"2024-03-01T20:01:28","guid":{"rendered":"https:\/\/gajostest.a2hosted.com\/eshop\/pluto-protiporezovy-set\/"},"modified":"2026-05-07T21:36:32","modified_gmt":"2026-05-07T19:36:32","slug":"pluto-protiporezovy-set","status":"publish","type":"product","link":"https:\/\/gajos.sk\/eshop\/p\/pluto-protiporezovy-set\/","title":{"rendered":"PLUTO protiporezov\u00fd set"},"content":{"rendered":"","protected":false},"excerpt":{"rendered":"<p>BUNDA: &#8211; kr\u00e1tky golier s fleecom z vn\u00fatornej strany &#8211; na lavej strane n\u00e1prsn\u00e9 vrecko na zips &#8211; na pravej strane vrecko na mobil s chlopnou na such\u00fd zips &#8211; zap\u00ednanie na zips s chlopnou na cvoky &#8211; vrecko na ruk\u00e1ve &#8211; ruk\u00e1vy s vn\u00fatornou pru\u017enou man\u017eetou &#8211; predl\u017een\u00fd zadn\u00fd diel &#8211; odvetranie na chrbte<\/p>\n","protected":false},"featured_media":343173,"template":"","meta":{"_acf_changed":false,"inline_featured_image":false},"product_brand":[],"product_cat":[2175],"product_tag":[1353],"class_list":{"0":"post-343171","1":"product","2":"type-product","3":"status-publish","4":"has-post-thumbnail","6":"product_cat-produkty","7":"product_tag-profesional","8":"pa_farba-zelena","9":"pa_velkost-3158","10":"pa_velkost-3159","11":"pa_velkost-3160","12":"pa_velkost-3161","13":"pa_velkost-3162","14":"pa_velkost-3174","15":"pa_velkost-3110","16":"pa_velkost-3175","17":"pa_velkost-3121","18":"pa_velkost-3123","19":"pa_velkost-3155","20":"pa_velkost-3157","22":"first","23":"instock","24":"taxable","25":"shipping-taxable","26":"purchasable","27":"product-type-variable"},"acf":[],"_links":{"self":[{"href":"https:\/\/gajos.sk\/eshop\/wp-json\/wp\/v2\/product\/343171","targetHints":{"allow":["GET"]}}],"collection":[{"href":"https:\/\/gajos.sk\/eshop\/wp-json\/wp\/v2\/product"}],"about":[{"href":"https:\/\/gajos.sk\/eshop\/wp-json\/wp\/v2\/types\/product"}],"wp:featuredmedia":[{"embeddable":true,"href":"https:\/\/gajos.sk\/eshop\/wp-json\/wp\/v2\/media\/343173"}],"wp:attachment":[{"href":"https:\/\/gajos.sk\/eshop\/wp-json\/wp\/v2\/media?parent=343171"}],"wp:term":[{"taxonomy":"product_brand","embeddable":true,"href":"https:\/\/gajos.sk\/eshop\/wp-json\/wp\/v2\/product_brand?post=343171"},{"taxonomy":"product_cat","embeddable":true,"href":"https:\/\/gajos.sk\/eshop\/wp-json\/wp\/v2\/product_cat?post=343171"},{"taxonomy":"product_tag","embeddable":true,"href":"https:\/\/gajos.sk\/eshop\/wp-json\/wp\/v2\/product_tag?post=343171"}],"curies":[{"name":"wp","href":"https:\/\/api.w.org\/{rel}","templated":true}]}}