{"id":342911,"date":"2024-03-01T20:59:16","date_gmt":"2024-03-01T19:59:16","guid":{"rendered":"https:\/\/gajostest.a2hosted.com\/eshop\/sting-esd-pan-plast\/"},"modified":"2026-05-07T21:34:29","modified_gmt":"2026-05-07T19:34:29","slug":"sting-esd-pan-plast","status":"publish","type":"product","link":"https:\/\/gajos.sk\/eshop\/p\/sting-esd-pan-plast\/","title":{"rendered":"STING ESD p\u00e1n.pl\u00e1\u0161\u0165"},"content":{"rendered":"","protected":false},"excerpt":{"rendered":"<p>antistatick\u00fd pl\u00e1\u0161\u0165 so stoja\u010dikom; kryt\u00fd l\u00e9gou; dlh\u00fd ruk\u00e1v<\/p>\n","protected":false},"featured_media":342913,"template":"","meta":{"_acf_changed":false,"inline_featured_image":false},"product_brand":[],"product_cat":[2121,2168,2122],"product_tag":[1353],"class_list":{"0":"post-342911","1":"product","2":"type-product","3":"status-publish","4":"has-post-thumbnail","6":"product_cat-odevy","7":"product_cat-plaste","8":"product_cat-bundy-a-kabaty","9":"product_tag-profesional","10":"pa_farba-royal-modra","11":"pa_farba-zlta","12":"pa_farba-biela","13":"pa_velkost-3xl","14":"pa_velkost-xxl","15":"pa_velkost-xs","16":"pa_velkost-xl","17":"pa_velkost-l","18":"pa_velkost-m","19":"pa_velkost-s","21":"first","22":"instock","23":"taxable","24":"shipping-taxable","25":"product-type-variable"},"acf":[],"_links":{"self":[{"href":"https:\/\/gajos.sk\/eshop\/wp-json\/wp\/v2\/product\/342911","targetHints":{"allow":["GET"]}}],"collection":[{"href":"https:\/\/gajos.sk\/eshop\/wp-json\/wp\/v2\/product"}],"about":[{"href":"https:\/\/gajos.sk\/eshop\/wp-json\/wp\/v2\/types\/product"}],"wp:featuredmedia":[{"embeddable":true,"href":"https:\/\/gajos.sk\/eshop\/wp-json\/wp\/v2\/media\/342913"}],"wp:attachment":[{"href":"https:\/\/gajos.sk\/eshop\/wp-json\/wp\/v2\/media?parent=342911"}],"wp:term":[{"taxonomy":"product_brand","embeddable":true,"href":"https:\/\/gajos.sk\/eshop\/wp-json\/wp\/v2\/product_brand?post=342911"},{"taxonomy":"product_cat","embeddable":true,"href":"https:\/\/gajos.sk\/eshop\/wp-json\/wp\/v2\/product_cat?post=342911"},{"taxonomy":"product_tag","embeddable":true,"href":"https:\/\/gajos.sk\/eshop\/wp-json\/wp\/v2\/product_tag?post=342911"}],"curies":[{"name":"wp","href":"https:\/\/api.w.org\/{rel}","templated":true}]}}