{"id":342378,"date":"2024-03-01T20:53:20","date_gmt":"2024-03-01T19:53:20","guid":{"rendered":"https:\/\/gajostest.a2hosted.com\/eshop\/don-tricko-dlhy-rukav\/"},"modified":"2026-04-29T21:42:37","modified_gmt":"2026-04-29T19:42:37","slug":"don-tricko-dlhy-rukav","status":"publish","type":"product","link":"https:\/\/gajos.sk\/eshop\/p\/don-tricko-dlhy-rukav\/","title":{"rendered":"DON tri\u010dko dlh\u00fd ruk\u00e1v"},"content":{"rendered":"","protected":false},"excerpt":{"rendered":"<p>p\u00e1nske termo tri\u010dko s dlh\u00fdm ruk\u00e1vom; v\u00fdborn\u00fd odvod potu a vlhkosti; r\u00fdchlo schn\u00face; vhodn\u00e9 ako prv\u00e1 vrstva ochrany proti chladu.<\/p>\n","protected":false},"featured_media":342380,"template":"","meta":{"_acf_changed":false,"inline_featured_image":false},"product_brand":[],"product_cat":[2121,2169],"product_tag":[1354],"class_list":{"0":"post-342378","1":"product","2":"type-product","3":"status-publish","4":"has-post-thumbnail","6":"product_cat-odevy","7":"product_cat-spodne-pradlo","8":"product_tag-assent","9":"pa_farba-cierna","10":"pa_velkost-m","11":"pa_velkost-s","12":"pa_velkost-3xl","13":"pa_velkost-xxl","14":"pa_velkost-5xl","15":"pa_velkost-4xl","16":"pa_velkost-xl","17":"pa_velkost-l","19":"first","20":"instock","21":"taxable","22":"shipping-taxable","23":"purchasable","24":"product-type-variable"},"acf":[],"_links":{"self":[{"href":"https:\/\/gajos.sk\/eshop\/wp-json\/wp\/v2\/product\/342378","targetHints":{"allow":["GET"]}}],"collection":[{"href":"https:\/\/gajos.sk\/eshop\/wp-json\/wp\/v2\/product"}],"about":[{"href":"https:\/\/gajos.sk\/eshop\/wp-json\/wp\/v2\/types\/product"}],"wp:featuredmedia":[{"embeddable":true,"href":"https:\/\/gajos.sk\/eshop\/wp-json\/wp\/v2\/media\/342380"}],"wp:attachment":[{"href":"https:\/\/gajos.sk\/eshop\/wp-json\/wp\/v2\/media?parent=342378"}],"wp:term":[{"taxonomy":"product_brand","embeddable":true,"href":"https:\/\/gajos.sk\/eshop\/wp-json\/wp\/v2\/product_brand?post=342378"},{"taxonomy":"product_cat","embeddable":true,"href":"https:\/\/gajos.sk\/eshop\/wp-json\/wp\/v2\/product_cat?post=342378"},{"taxonomy":"product_tag","embeddable":true,"href":"https:\/\/gajos.sk\/eshop\/wp-json\/wp\/v2\/product_tag?post=342378"}],"curies":[{"name":"wp","href":"https:\/\/api.w.org\/{rel}","templated":true}]}}