{"id":342343,"date":"2024-03-01T20:53:03","date_gmt":"2024-03-01T19:53:03","guid":{"rendered":"https:\/\/gajostest.a2hosted.com\/eshop\/lovell-spodky-dlhe\/"},"modified":"2026-05-07T21:34:29","modified_gmt":"2026-05-07T19:34:29","slug":"lovell-spodky-dlhe","status":"publish","type":"product","link":"https:\/\/gajos.sk\/eshop\/p\/lovell-spodky-dlhe\/","title":{"rendered":"LOVELL spodky dlh\u00e9"},"content":{"rendered":"","protected":false},"excerpt":{"rendered":"<p>P\u00e1nska funk\u010dn\u00e1 spodn\u00e1 bielize\u0148. TENCEL\u2122 je ochrann\u00e1 zn\u00e1mka spolo\u010dnosti Lenzing AG.<\/p>\n","protected":false},"featured_media":342345,"template":"","meta":{"_acf_changed":false,"inline_featured_image":false},"product_brand":[],"product_cat":[2121,2169],"product_tag":[1179],"class_list":{"0":"post-342343","1":"product","2":"type-product","3":"status-publish","4":"has-post-thumbnail","6":"product_cat-odevy","7":"product_cat-spodne-pradlo","8":"product_tag-cerva","9":"pa_farba-cierna","10":"pa_velkost-l","11":"pa_velkost-s","12":"pa_velkost-xxl","14":"first","15":"instock","16":"taxable","17":"shipping-taxable","18":"purchasable","19":"product-type-variable"},"acf":[],"_links":{"self":[{"href":"https:\/\/gajos.sk\/eshop\/wp-json\/wp\/v2\/product\/342343","targetHints":{"allow":["GET"]}}],"collection":[{"href":"https:\/\/gajos.sk\/eshop\/wp-json\/wp\/v2\/product"}],"about":[{"href":"https:\/\/gajos.sk\/eshop\/wp-json\/wp\/v2\/types\/product"}],"wp:featuredmedia":[{"embeddable":true,"href":"https:\/\/gajos.sk\/eshop\/wp-json\/wp\/v2\/media\/342345"}],"wp:attachment":[{"href":"https:\/\/gajos.sk\/eshop\/wp-json\/wp\/v2\/media?parent=342343"}],"wp:term":[{"taxonomy":"product_brand","embeddable":true,"href":"https:\/\/gajos.sk\/eshop\/wp-json\/wp\/v2\/product_brand?post=342343"},{"taxonomy":"product_cat","embeddable":true,"href":"https:\/\/gajos.sk\/eshop\/wp-json\/wp\/v2\/product_cat?post=342343"},{"taxonomy":"product_tag","embeddable":true,"href":"https:\/\/gajos.sk\/eshop\/wp-json\/wp\/v2\/product_tag?post=342343"}],"curies":[{"name":"wp","href":"https:\/\/api.w.org\/{rel}","templated":true}]}}