{"id":342313,"date":"2024-03-01T20:51:50","date_gmt":"2024-03-01T19:51:50","guid":{"rendered":"https:\/\/gajostest.a2hosted.com\/eshop\/ronne-sveter\/"},"modified":"2026-04-11T17:51:03","modified_gmt":"2026-04-11T15:51:03","slug":"ronne-sveter","status":"publish","type":"product","link":"https:\/\/gajos.sk\/eshop\/p\/ronne-sveter\/","title":{"rendered":"RONNE sveter"},"content":{"rendered":"","protected":false},"excerpt":{"rendered":"<p>p\u00e1nska celozap\u00ednacia mikina so stoja\u010dikom; 2 postrann\u00e9 vreck\u00e1; 1 n\u00e1prsn\u00e9 vrecko na zips; zosilnen\u00e1 oblas\u0165 lak\u0165ov; elastick\u00e9 zakon\u010denie ruk\u00e1vov; reflexn\u00e9 paspulky.<\/p>\n","protected":false},"featured_media":342315,"template":"","meta":{"_acf_changed":false,"inline_featured_image":false},"product_brand":[],"product_cat":[2160,2174,2121],"product_tag":[1244],"class_list":{"0":"post-342313","1":"product","2":"type-product","3":"status-publish","4":"has-post-thumbnail","6":"product_cat-mikiny-svetre-vesty","7":"product_cat-svetre","8":"product_cat-odevy","9":"product_tag-crv","10":"pa_farba-cierna","11":"pa_farba-navy","12":"pa_velkost-xl","13":"pa_velkost-l","14":"pa_velkost-m","15":"pa_velkost-s","16":"pa_velkost-xxl","18":"first","19":"instock","20":"taxable","21":"shipping-taxable","22":"product-type-variable"},"acf":[],"_links":{"self":[{"href":"https:\/\/gajos.sk\/eshop\/wp-json\/wp\/v2\/product\/342313","targetHints":{"allow":["GET"]}}],"collection":[{"href":"https:\/\/gajos.sk\/eshop\/wp-json\/wp\/v2\/product"}],"about":[{"href":"https:\/\/gajos.sk\/eshop\/wp-json\/wp\/v2\/types\/product"}],"wp:featuredmedia":[{"embeddable":true,"href":"https:\/\/gajos.sk\/eshop\/wp-json\/wp\/v2\/media\/342315"}],"wp:attachment":[{"href":"https:\/\/gajos.sk\/eshop\/wp-json\/wp\/v2\/media?parent=342313"}],"wp:term":[{"taxonomy":"product_brand","embeddable":true,"href":"https:\/\/gajos.sk\/eshop\/wp-json\/wp\/v2\/product_brand?post=342313"},{"taxonomy":"product_cat","embeddable":true,"href":"https:\/\/gajos.sk\/eshop\/wp-json\/wp\/v2\/product_cat?post=342313"},{"taxonomy":"product_tag","embeddable":true,"href":"https:\/\/gajos.sk\/eshop\/wp-json\/wp\/v2\/product_tag?post=342313"}],"curies":[{"name":"wp","href":"https:\/\/api.w.org\/{rel}","templated":true}]}}