{"id":342167,"date":"2024-03-01T20:51:03","date_gmt":"2024-03-01T19:51:03","guid":{"rendered":"https:\/\/gajostest.a2hosted.com\/eshop\/sheldon-mikina-s-kapucnou\/"},"modified":"2026-05-07T21:34:28","modified_gmt":"2026-05-07T19:34:28","slug":"sheldon-mikina-s-kapucnou","status":"publish","type":"product","link":"https:\/\/gajos.sk\/eshop\/p\/sheldon-mikina-s-kapucnou\/","title":{"rendered":"SHELDON mikina s kapuc\u0148ou"},"content":{"rendered":"","protected":false},"excerpt":{"rendered":"<p>celozap\u00ednacia mikina s kapuc\u0148ou zo zmesov\u00e9ho \u00fapletu bavlny a polyesteru zvn\u00fatra nepo\u010dasan\u00e1; reflexn\u00e1 lemovka lemuj\u00faca sedlo a li\u0161tov\u00e9 vreck\u00e1; dvojit\u00e1 kapuc\u0148a s kontrastn\u00fdm \u00fapletom vo farbe zipsu a dekorat\u00edvneho pre\u0161itia; pru\u017en\u00e9 man\u017eety na ruk\u00e1voch a spodnom obvode.<\/p>\n","protected":false},"featured_media":342169,"template":"","meta":{"_acf_changed":false,"inline_featured_image":false},"product_brand":[],"product_cat":[2160,2121],"product_tag":[1179],"class_list":{"0":"post-342167","1":"product","2":"type-product","3":"status-publish","4":"has-post-thumbnail","6":"product_cat-mikiny-svetre-vesty","7":"product_cat-odevy","8":"product_tag-cerva","9":"pa_farba-antracit-zlta","10":"pa_velkost-s","11":"pa_velkost-3xl","12":"pa_velkost-xxl","13":"pa_velkost-4xl","14":"pa_velkost-xs","15":"pa_velkost-xl","16":"pa_velkost-l","17":"pa_velkost-m","19":"first","20":"instock","21":"taxable","22":"shipping-taxable","23":"purchasable","24":"product-type-variable"},"acf":[],"_links":{"self":[{"href":"https:\/\/gajos.sk\/eshop\/wp-json\/wp\/v2\/product\/342167","targetHints":{"allow":["GET"]}}],"collection":[{"href":"https:\/\/gajos.sk\/eshop\/wp-json\/wp\/v2\/product"}],"about":[{"href":"https:\/\/gajos.sk\/eshop\/wp-json\/wp\/v2\/types\/product"}],"wp:featuredmedia":[{"embeddable":true,"href":"https:\/\/gajos.sk\/eshop\/wp-json\/wp\/v2\/media\/342169"}],"wp:attachment":[{"href":"https:\/\/gajos.sk\/eshop\/wp-json\/wp\/v2\/media?parent=342167"}],"wp:term":[{"taxonomy":"product_brand","embeddable":true,"href":"https:\/\/gajos.sk\/eshop\/wp-json\/wp\/v2\/product_brand?post=342167"},{"taxonomy":"product_cat","embeddable":true,"href":"https:\/\/gajos.sk\/eshop\/wp-json\/wp\/v2\/product_cat?post=342167"},{"taxonomy":"product_tag","embeddable":true,"href":"https:\/\/gajos.sk\/eshop\/wp-json\/wp\/v2\/product_tag?post=342167"}],"curies":[{"name":"wp","href":"https:\/\/api.w.org\/{rel}","templated":true}]}}