{"id":341552,"date":"2024-03-01T20:43:52","date_gmt":"2024-03-01T19:43:52","guid":{"rendered":"https:\/\/gajostest.a2hosted.com\/eshop\/knoxfield-lady-polo\/"},"modified":"2026-05-07T21:32:26","modified_gmt":"2026-05-07T19:32:26","slug":"knoxfield-lady-polo","status":"publish","type":"product","link":"https:\/\/gajos.sk\/eshop\/p\/knoxfield-lady-polo\/","title":{"rendered":"KNOXFIELD LADY p\u00f3lo"},"content":{"rendered":"","protected":false},"excerpt":{"rendered":"<p>d\u00e1msk\u00e1 poloko\u0161e\u013ea z bavlnen\u00e9ho \u00fapletu v lichotivom priliehavom strihu; sedlo v kontrastnej \u010diernej farbe lemovan\u00e9 reflexnou lemovkou; dekorativne bo\u010dn\u00e9 \u010dasti a pre\u0161itie v hi-vis farbe<\/p>\n","protected":false},"featured_media":341554,"template":"","meta":{"_acf_changed":false,"inline_featured_image":false},"product_brand":[],"product_cat":[2165,2121,2135],"product_tag":[1179],"class_list":{"0":"post-341552","1":"product","2":"type-product","3":"status-publish","4":"has-post-thumbnail","6":"product_cat-polokosele","7":"product_cat-odevy","8":"product_cat-tricka-a-kosele","9":"product_tag-cerva","10":"pa_farba-antracit-cervena","11":"pa_velkost-m","12":"pa_velkost-s","13":"pa_velkost-xxl","14":"pa_velkost-xs","15":"pa_velkost-xl","16":"pa_velkost-l","18":"first","19":"instock","20":"taxable","21":"shipping-taxable","22":"purchasable","23":"product-type-variable"},"acf":[],"_links":{"self":[{"href":"https:\/\/gajos.sk\/eshop\/wp-json\/wp\/v2\/product\/341552","targetHints":{"allow":["GET"]}}],"collection":[{"href":"https:\/\/gajos.sk\/eshop\/wp-json\/wp\/v2\/product"}],"about":[{"href":"https:\/\/gajos.sk\/eshop\/wp-json\/wp\/v2\/types\/product"}],"wp:featuredmedia":[{"embeddable":true,"href":"https:\/\/gajos.sk\/eshop\/wp-json\/wp\/v2\/media\/341554"}],"wp:attachment":[{"href":"https:\/\/gajos.sk\/eshop\/wp-json\/wp\/v2\/media?parent=341552"}],"wp:term":[{"taxonomy":"product_brand","embeddable":true,"href":"https:\/\/gajos.sk\/eshop\/wp-json\/wp\/v2\/product_brand?post=341552"},{"taxonomy":"product_cat","embeddable":true,"href":"https:\/\/gajos.sk\/eshop\/wp-json\/wp\/v2\/product_cat?post=341552"},{"taxonomy":"product_tag","embeddable":true,"href":"https:\/\/gajos.sk\/eshop\/wp-json\/wp\/v2\/product_tag?post=341552"}],"curies":[{"name":"wp","href":"https:\/\/api.w.org\/{rel}","templated":true}]}}