{"id":341538,"date":"2024-03-01T20:43:47","date_gmt":"2024-03-01T19:43:47","guid":{"rendered":"https:\/\/gajostest.a2hosted.com\/eshop\/tiola-hv-polo-tricko\/"},"modified":"2026-04-15T21:38:48","modified_gmt":"2026-04-15T19:38:48","slug":"tiola-hv-polo-tricko","status":"publish","type":"product","link":"https:\/\/gajos.sk\/eshop\/p\/tiola-hv-polo-tricko\/","title":{"rendered":"Tiola HV polo tri\u010dko"},"content":{"rendered":"","protected":false},"excerpt":{"rendered":"<p>hi-vis polo tri\u010dko so \u0161peci\u00e1lnymi panelmi z materi\u00e1lu Mesh v podpazu\u0161\u00ed; ve\u013emi n\u00edzka v\u00e1ha; na\u017eehlen\u00e9 segmentov\u00e9 reflexn\u00e9 pruhy; anti-bakteri\u00e1lna \u00faprava materi\u00e1lu<\/p>\n","protected":false},"featured_media":341540,"template":"","meta":{"_acf_changed":false,"inline_featured_image":false},"product_brand":[],"product_cat":[2165,2121,2135],"product_tag":[1238],"class_list":{"0":"post-341538","1":"product","2":"type-product","3":"status-publish","4":"has-post-thumbnail","6":"product_cat-polokosele","7":"product_cat-odevy","8":"product_cat-tricka-a-kosele","9":"product_tag-sioen","10":"pa_farba-hv-zlta","11":"pa_farba-hv-oranzova","12":"pa_velkost-xl","13":"pa_velkost-l","14":"pa_velkost-m","15":"pa_velkost-s","16":"pa_velkost-3xl","17":"pa_velkost-xxl","19":"first","20":"instock","21":"taxable","22":"shipping-taxable","23":"purchasable","24":"product-type-variable"},"acf":[],"_links":{"self":[{"href":"https:\/\/gajos.sk\/eshop\/wp-json\/wp\/v2\/product\/341538","targetHints":{"allow":["GET"]}}],"collection":[{"href":"https:\/\/gajos.sk\/eshop\/wp-json\/wp\/v2\/product"}],"about":[{"href":"https:\/\/gajos.sk\/eshop\/wp-json\/wp\/v2\/types\/product"}],"wp:featuredmedia":[{"embeddable":true,"href":"https:\/\/gajos.sk\/eshop\/wp-json\/wp\/v2\/media\/341540"}],"wp:attachment":[{"href":"https:\/\/gajos.sk\/eshop\/wp-json\/wp\/v2\/media?parent=341538"}],"wp:term":[{"taxonomy":"product_brand","embeddable":true,"href":"https:\/\/gajos.sk\/eshop\/wp-json\/wp\/v2\/product_brand?post=341538"},{"taxonomy":"product_cat","embeddable":true,"href":"https:\/\/gajos.sk\/eshop\/wp-json\/wp\/v2\/product_cat?post=341538"},{"taxonomy":"product_tag","embeddable":true,"href":"https:\/\/gajos.sk\/eshop\/wp-json\/wp\/v2\/product_tag?post=341538"}],"curies":[{"name":"wp","href":"https:\/\/api.w.org\/{rel}","templated":true}]}}