{"id":340311,"date":"2024-03-01T20:33:08","date_gmt":"2024-03-01T19:33:08","guid":{"rendered":"https:\/\/gajostest.a2hosted.com\/eshop\/emerton-tricko\/"},"modified":"2026-04-29T21:38:46","modified_gmt":"2026-04-29T19:38:46","slug":"emerton-tricko","status":"publish","type":"product","link":"https:\/\/gajos.sk\/eshop\/p\/emerton-tricko\/","title":{"rendered":"EMERTON tri\u010dko"},"content":{"rendered":"","protected":false},"excerpt":{"rendered":"<p>Viacfarebn\u00e9 trendov\u00e9 unisexov\u00e9 tri\u010dko vhodn\u00e9 pre potla\u010d a v\u00fd\u0161ivku. P\u00e1ska spev\u0148uj\u00faca ramena. Bez bo\u010dn\u00fdch \u0161vov. 155 g\/m2<\/p>\n","protected":false},"featured_media":340313,"template":"","meta":{"_acf_changed":false,"inline_featured_image":false},"product_brand":[],"product_cat":[2121,2135],"product_tag":[1343],"class_list":{"0":"post-340311","1":"product","2":"type-product","3":"status-publish","4":"has-post-thumbnail","6":"product_cat-odevy","7":"product_cat-tricka-a-kosele","8":"product_tag-australian-line","9":"pa_farba-cierna","10":"pa_farba-cierna-siva","11":"pa_velkost-xxl","12":"pa_velkost-4xl","13":"pa_velkost-xl","14":"pa_velkost-l","15":"pa_velkost-m","16":"pa_velkost-s","17":"pa_velkost-3xl","19":"first","20":"instock","21":"taxable","22":"shipping-taxable","23":"purchasable","24":"product-type-variable"},"acf":[],"_links":{"self":[{"href":"https:\/\/gajos.sk\/eshop\/wp-json\/wp\/v2\/product\/340311","targetHints":{"allow":["GET"]}}],"collection":[{"href":"https:\/\/gajos.sk\/eshop\/wp-json\/wp\/v2\/product"}],"about":[{"href":"https:\/\/gajos.sk\/eshop\/wp-json\/wp\/v2\/types\/product"}],"wp:featuredmedia":[{"embeddable":true,"href":"https:\/\/gajos.sk\/eshop\/wp-json\/wp\/v2\/media\/340313"}],"wp:attachment":[{"href":"https:\/\/gajos.sk\/eshop\/wp-json\/wp\/v2\/media?parent=340311"}],"wp:term":[{"taxonomy":"product_brand","embeddable":true,"href":"https:\/\/gajos.sk\/eshop\/wp-json\/wp\/v2\/product_brand?post=340311"},{"taxonomy":"product_cat","embeddable":true,"href":"https:\/\/gajos.sk\/eshop\/wp-json\/wp\/v2\/product_cat?post=340311"},{"taxonomy":"product_tag","embeddable":true,"href":"https:\/\/gajos.sk\/eshop\/wp-json\/wp\/v2\/product_tag?post=340311"}],"curies":[{"name":"wp","href":"https:\/\/api.w.org\/{rel}","templated":true}]}}