{"id":339727,"date":"2024-03-01T20:25:20","date_gmt":"2024-03-01T19:25:20","guid":{"rendered":"https:\/\/gajostest.a2hosted.com\/eshop\/roseville-vesta-damska\/"},"modified":"2026-04-11T17:52:14","modified_gmt":"2026-04-11T15:52:14","slug":"roseville-vesta-damska","status":"publish","type":"product","link":"https:\/\/gajos.sk\/eshop\/p\/roseville-vesta-damska\/","title":{"rendered":"ROSEVILLE vesta d\u00e1mska"},"content":{"rendered":"","protected":false},"excerpt":{"rendered":"<p>Obojstrann\u00e1 zateplen\u00e1 d\u00e1mska vesta so stoja\u010dikom a pred\u013a\u017een\u00fdm chrbtom. Kombin\u00e1cia polyesterov\u00e9ho fleecu s nylonovou tkaninou s nepremokavou \u00fapravou. Praktick\u00e9 vreck\u00e1 na oboch stran\u00e1ch.<\/p>\n","protected":false},"featured_media":339729,"template":"","meta":{"_acf_changed":false,"inline_featured_image":false},"product_brand":[],"product_cat":[2160,2161,2121],"product_tag":[1244],"class_list":{"0":"post-339727","1":"product","2":"type-product","3":"status-publish","4":"has-post-thumbnail","6":"product_cat-mikiny-svetre-vesty","7":"product_cat-vesty","8":"product_cat-odevy","9":"product_tag-crv","10":"pa_farba-cervena","11":"pa_farba-navy","12":"pa_velkost-xl","13":"pa_velkost-l","14":"pa_velkost-m","15":"pa_velkost-s","16":"pa_velkost-3xl","17":"pa_velkost-xxl","19":"first","20":"instock","21":"taxable","22":"shipping-taxable","23":"product-type-variable"},"acf":[],"_links":{"self":[{"href":"https:\/\/gajos.sk\/eshop\/wp-json\/wp\/v2\/product\/339727","targetHints":{"allow":["GET"]}}],"collection":[{"href":"https:\/\/gajos.sk\/eshop\/wp-json\/wp\/v2\/product"}],"about":[{"href":"https:\/\/gajos.sk\/eshop\/wp-json\/wp\/v2\/types\/product"}],"wp:featuredmedia":[{"embeddable":true,"href":"https:\/\/gajos.sk\/eshop\/wp-json\/wp\/v2\/media\/339729"}],"wp:attachment":[{"href":"https:\/\/gajos.sk\/eshop\/wp-json\/wp\/v2\/media?parent=339727"}],"wp:term":[{"taxonomy":"product_brand","embeddable":true,"href":"https:\/\/gajos.sk\/eshop\/wp-json\/wp\/v2\/product_brand?post=339727"},{"taxonomy":"product_cat","embeddable":true,"href":"https:\/\/gajos.sk\/eshop\/wp-json\/wp\/v2\/product_cat?post=339727"},{"taxonomy":"product_tag","embeddable":true,"href":"https:\/\/gajos.sk\/eshop\/wp-json\/wp\/v2\/product_tag?post=339727"}],"curies":[{"name":"wp","href":"https:\/\/api.w.org\/{rel}","templated":true}]}}