{"id":338170,"date":"2024-03-01T20:07:29","date_gmt":"2024-03-01T19:07:29","guid":{"rendered":"https:\/\/gajostest.a2hosted.com\/eshop\/lahr-nohavice-do-pasa\/"},"modified":"2026-04-29T21:32:09","modified_gmt":"2026-04-29T19:32:09","slug":"lahr-nohavice-do-pasa","status":"publish","type":"product","link":"https:\/\/gajos.sk\/eshop\/p\/lahr-nohavice-do-pasa\/","title":{"rendered":"LAHR nohavice do p\u00e1sa"},"content":{"rendered":"","protected":false},"excerpt":{"rendered":"<p>P\u00e1nske pracovn\u00e9 nohavice do p\u00e1sa, s odn\u00edmate\u013en\u00fdmi multifunk\u010dn\u00fdmi vreckami na prednom diele, priestorn\u00e9 vreck\u00e1 s mo\u017enos\u0165ou vkladania odn\u00edmate\u013en\u00fdch vreciek, \u0161irok\u00e9 p\u00fatka na p\u00e1se, bo\u010dn\u00e9 vrecko s p\u00fatkom na n\u00e1radie, ve\u013ek\u00e9 skladan\u00e9 vreck\u00e1 a pr\u00edklopkou na such\u00fd zips na zadnom diele, n\u00e1kolenn\u00e9 vreck\u00e1 zo zosilnen\u00e9ho materi\u00e1lu Oxford s mo\u017enos\u0165ou vlo\u017eenia kolenn\u00fdch v\u00fdstuh, spevnenie \u0161vov trojit\u00fdm pre\u0161it\u00edm, zn\u00e1soben\u00e9 pre\u0161itie v nam\u00e1han\u00fdch miestach v kontrastnej farbe, upravite\u013en\u00e1 d\u013a\u017eka nohav\u00edc, dekorat\u00edvne doplnky z reflex\u00edvneho materi\u00e1lu.<\/p>\n","protected":false},"featured_media":338172,"template":"","meta":{"_acf_changed":false,"inline_featured_image":false},"product_brand":[],"product_cat":[2127,2121,2126],"product_tag":[1354],"class_list":{"0":"post-338170","1":"product","2":"type-product","3":"status-publish","4":"has-post-thumbnail","6":"product_cat-nohavice","7":"product_cat-odevy","8":"product_cat-nohavice-a-overaly","9":"product_tag-assent","10":"pa_farba-cierna","11":"pa_farba-siva","12":"pa_farba-pieskova","13":"pa_velkost-3158","14":"pa_velkost-3159","15":"pa_velkost-3160","16":"pa_velkost-3161","17":"pa_velkost-3110","18":"pa_velkost-3162","19":"pa_velkost-3112","20":"pa_velkost-3175","21":"pa_velkost-3121","22":"pa_velkost-3123","23":"pa_velkost-3155","24":"pa_velkost-3157","26":"first","27":"instock","28":"taxable","29":"shipping-taxable","30":"purchasable","31":"product-type-variable"},"acf":[],"_links":{"self":[{"href":"https:\/\/gajos.sk\/eshop\/wp-json\/wp\/v2\/product\/338170","targetHints":{"allow":["GET"]}}],"collection":[{"href":"https:\/\/gajos.sk\/eshop\/wp-json\/wp\/v2\/product"}],"about":[{"href":"https:\/\/gajos.sk\/eshop\/wp-json\/wp\/v2\/types\/product"}],"wp:featuredmedia":[{"embeddable":true,"href":"https:\/\/gajos.sk\/eshop\/wp-json\/wp\/v2\/media\/338172"}],"wp:attachment":[{"href":"https:\/\/gajos.sk\/eshop\/wp-json\/wp\/v2\/media?parent=338170"}],"wp:term":[{"taxonomy":"product_brand","embeddable":true,"href":"https:\/\/gajos.sk\/eshop\/wp-json\/wp\/v2\/product_brand?post=338170"},{"taxonomy":"product_cat","embeddable":true,"href":"https:\/\/gajos.sk\/eshop\/wp-json\/wp\/v2\/product_cat?post=338170"},{"taxonomy":"product_tag","embeddable":true,"href":"https:\/\/gajos.sk\/eshop\/wp-json\/wp\/v2\/product_tag?post=338170"}],"curies":[{"name":"wp","href":"https:\/\/api.w.org\/{rel}","templated":true}]}}