{"id":337722,"date":"2024-03-01T20:03:31","date_gmt":"2024-03-01T19:03:31","guid":{"rendered":"https:\/\/gajostest.a2hosted.com\/eshop\/padstow-nohavice-naprs-hv\/"},"modified":"2026-04-29T21:30:50","modified_gmt":"2026-04-29T19:30:50","slug":"padstow-nohavice-naprs-hv","status":"publish","type":"product","link":"https:\/\/gajos.sk\/eshop\/p\/padstow-nohavice-naprs-hv\/","title":{"rendered":"PADSTOW nohavice n\u00e1prs. HV"},"content":{"rendered":"","protected":false},"excerpt":{"rendered":"<p>Vodeodoln\u00e9 v\u00fdstra\u017en\u00e9 zateplen\u00e9 nohavice s n\u00e1prsenkou s vysokou vidite\u013enos\u0165ou pod\u013ea EN 471.<\/p>\n","protected":false},"featured_media":337724,"template":"","meta":{"_acf_changed":false,"inline_featured_image":false},"product_brand":[],"product_cat":[2121,2127,2126],"product_tag":[1179],"class_list":{"0":"post-337722","1":"product","2":"type-product","3":"status-publish","4":"has-post-thumbnail","6":"product_cat-odevy","7":"product_cat-nohavice","8":"product_cat-nohavice-a-overaly","9":"product_tag-cerva","10":"pa_farba-zlta","11":"pa_farba-oranzova","12":"pa_velkost-xl","13":"pa_velkost-l","14":"pa_velkost-m","15":"pa_velkost-s","16":"pa_velkost-3xl","17":"pa_velkost-xxl","18":"pa_velkost-4xl","20":"first","21":"instock","22":"taxable","23":"shipping-taxable","24":"purchasable","25":"product-type-variable"},"acf":[],"_links":{"self":[{"href":"https:\/\/gajos.sk\/eshop\/wp-json\/wp\/v2\/product\/337722","targetHints":{"allow":["GET"]}}],"collection":[{"href":"https:\/\/gajos.sk\/eshop\/wp-json\/wp\/v2\/product"}],"about":[{"href":"https:\/\/gajos.sk\/eshop\/wp-json\/wp\/v2\/types\/product"}],"wp:featuredmedia":[{"embeddable":true,"href":"https:\/\/gajos.sk\/eshop\/wp-json\/wp\/v2\/media\/337724"}],"wp:attachment":[{"href":"https:\/\/gajos.sk\/eshop\/wp-json\/wp\/v2\/media?parent=337722"}],"wp:term":[{"taxonomy":"product_brand","embeddable":true,"href":"https:\/\/gajos.sk\/eshop\/wp-json\/wp\/v2\/product_brand?post=337722"},{"taxonomy":"product_cat","embeddable":true,"href":"https:\/\/gajos.sk\/eshop\/wp-json\/wp\/v2\/product_cat?post=337722"},{"taxonomy":"product_tag","embeddable":true,"href":"https:\/\/gajos.sk\/eshop\/wp-json\/wp\/v2\/product_tag?post=337722"}],"curies":[{"name":"wp","href":"https:\/\/api.w.org\/{rel}","templated":true}]}}