{"id":336942,"date":"2024-03-01T19:55:57","date_gmt":"2024-03-01T18:55:57","guid":{"rendered":"https:\/\/gajostest.a2hosted.com\/eshop\/taurus-fleecova-bunda\/"},"modified":"2026-05-07T21:24:25","modified_gmt":"2026-05-07T19:24:25","slug":"taurus-fleecova-bunda","status":"publish","type":"product","link":"https:\/\/gajos.sk\/eshop\/p\/taurus-fleecova-bunda\/","title":{"rendered":"TAURUS fleecov\u00e1 bunda"},"content":{"rendered":"","protected":false},"excerpt":{"rendered":"<p>modern\u00e1 p\u00e1nska fleecov\u00e1 bunda; zap\u00ednanie na reflexn\u00fd zips; vpravo Napoleon vrecko na zips; Cordura zosilnenie v oblasti ramien a lak\u0165ov; reflexn\u00e9 paspulky pre lep\u0161iu vidite\u013enos\u0165.<\/p>\n","protected":false},"featured_media":336944,"template":"","meta":{"_acf_changed":false,"inline_featured_image":false},"product_brand":[],"product_cat":[2121,2122,2123],"product_tag":[2387],"class_list":{"0":"post-336942","1":"product","2":"type-product","3":"status-publish","4":"has-post-thumbnail","6":"product_cat-odevy","7":"product_cat-bundy-a-kabaty","8":"product_cat-bundy","9":"product_tag-litz","10":"pa_farba-navy","11":"pa_farba-cierna","12":"pa_farba-siva","13":"pa_velkost-m","14":"pa_velkost-s","15":"pa_velkost-3xl","16":"pa_velkost-xxl","17":"pa_velkost-5xl","18":"pa_velkost-4xl","19":"pa_velkost-xs","20":"pa_velkost-2xs","21":"pa_velkost-xl","22":"pa_velkost-l","24":"first","25":"instock","26":"taxable","27":"shipping-taxable","28":"purchasable","29":"product-type-variable"},"acf":[],"_links":{"self":[{"href":"https:\/\/gajos.sk\/eshop\/wp-json\/wp\/v2\/product\/336942","targetHints":{"allow":["GET"]}}],"collection":[{"href":"https:\/\/gajos.sk\/eshop\/wp-json\/wp\/v2\/product"}],"about":[{"href":"https:\/\/gajos.sk\/eshop\/wp-json\/wp\/v2\/types\/product"}],"wp:featuredmedia":[{"embeddable":true,"href":"https:\/\/gajos.sk\/eshop\/wp-json\/wp\/v2\/media\/336944"}],"wp:attachment":[{"href":"https:\/\/gajos.sk\/eshop\/wp-json\/wp\/v2\/media?parent=336942"}],"wp:term":[{"taxonomy":"product_brand","embeddable":true,"href":"https:\/\/gajos.sk\/eshop\/wp-json\/wp\/v2\/product_brand?post=336942"},{"taxonomy":"product_cat","embeddable":true,"href":"https:\/\/gajos.sk\/eshop\/wp-json\/wp\/v2\/product_cat?post=336942"},{"taxonomy":"product_tag","embeddable":true,"href":"https:\/\/gajos.sk\/eshop\/wp-json\/wp\/v2\/product_tag?post=336942"}],"curies":[{"name":"wp","href":"https:\/\/api.w.org\/{rel}","templated":true}]}}