{"id":336401,"date":"2024-03-01T19:51:20","date_gmt":"2024-03-01T18:51:20","guid":{"rendered":"https:\/\/gajostest.a2hosted.com\/eshop\/dayboro-softshell-bunda\/"},"modified":"2026-05-07T21:22:26","modified_gmt":"2026-05-07T19:22:26","slug":"dayboro-softshell-bunda","status":"publish","type":"product","link":"https:\/\/gajos.sk\/eshop\/p\/dayboro-softshell-bunda\/","title":{"rendered":"DAYBORO softshell bunda"},"content":{"rendered":"","protected":false},"excerpt":{"rendered":"<p>p\u00e1nska sofsthellov\u00e1 bunda s odop\u00ednacou kapuc\u0148ou; 3 predn\u00e9 vreck\u00e1 na zips; 2 vn\u00fatorn\u00e9 vreck\u00e1; reflexn\u00e9 prvky; nastavite\u013en\u00fd ruk\u00e1v s plastov\u00fdm popruhom na such\u00fd zips; nastavite\u013en\u00e1 s\u0165ahovacia \u0161n\u00farka na dolnom okraji<\/p>\n","protected":false},"featured_media":336403,"template":"","meta":{"_acf_changed":false,"inline_featured_image":false},"product_brand":[],"product_cat":[2121,2122,2123],"product_tag":[1179],"class_list":{"0":"post-336401","1":"product","2":"type-product","3":"status-publish","4":"has-post-thumbnail","6":"product_cat-odevy","7":"product_cat-bundy-a-kabaty","8":"product_cat-bundy","9":"product_tag-cerva","10":"pa_farba-tm-hneda","11":"pa_farba-cierna","12":"pa_farba-mech-zelena","13":"pa_farba-biela","14":"pa_farba-petrolejova","15":"pa_farba-navy","16":"pa_velkost-xxl","17":"pa_velkost-4xl","18":"pa_velkost-xl","19":"pa_velkost-l","20":"pa_velkost-m","21":"pa_velkost-s","22":"pa_velkost-3xl","24":"first","25":"instock","26":"taxable","27":"shipping-taxable","28":"purchasable","29":"product-type-variable"},"acf":[],"_links":{"self":[{"href":"https:\/\/gajos.sk\/eshop\/wp-json\/wp\/v2\/product\/336401","targetHints":{"allow":["GET"]}}],"collection":[{"href":"https:\/\/gajos.sk\/eshop\/wp-json\/wp\/v2\/product"}],"about":[{"href":"https:\/\/gajos.sk\/eshop\/wp-json\/wp\/v2\/types\/product"}],"wp:featuredmedia":[{"embeddable":true,"href":"https:\/\/gajos.sk\/eshop\/wp-json\/wp\/v2\/media\/336403"}],"wp:attachment":[{"href":"https:\/\/gajos.sk\/eshop\/wp-json\/wp\/v2\/media?parent=336401"}],"wp:term":[{"taxonomy":"product_brand","embeddable":true,"href":"https:\/\/gajos.sk\/eshop\/wp-json\/wp\/v2\/product_brand?post=336401"},{"taxonomy":"product_cat","embeddable":true,"href":"https:\/\/gajos.sk\/eshop\/wp-json\/wp\/v2\/product_cat?post=336401"},{"taxonomy":"product_tag","embeddable":true,"href":"https:\/\/gajos.sk\/eshop\/wp-json\/wp\/v2\/product_tag?post=336401"}],"curies":[{"name":"wp","href":"https:\/\/api.w.org\/{rel}","templated":true}]}}