{"id":336263,"date":"2024-03-01T19:49:29","date_gmt":"2024-03-01T18:49:29","guid":{"rendered":"https:\/\/gajostest.a2hosted.com\/eshop\/cloton-hv-bunda\/"},"modified":"2026-05-07T21:22:26","modified_gmt":"2026-05-07T19:22:26","slug":"cloton-hv-bunda","status":"publish","type":"product","link":"https:\/\/gajos.sk\/eshop\/p\/cloton-hv-bunda\/","title":{"rendered":"CLOTON HV bunda"},"content":{"rendered":"","protected":false},"excerpt":{"rendered":"<p>p\u00e1nska polstrovan\u00e1 pilotn\u00e1 bunda s vysokou vidite\u013enos\u0165ou s reflexn\u00fdmi p\u00e1sikmi; neodp\u00ednacia kapuc\u0148a v golieri; 2 bo\u010dn\u00e9 vreck\u00e1 s pr\u00edklopkou; 1 vn\u00fatorn\u00e9 vrecko; elastick\u00e9 lemy ruk\u00e1vov a spodn\u00e9 lemy; zips zakryt\u00fd pr\u00edklopkou<\/p>\n","protected":false},"featured_media":336265,"template":"","meta":{"_acf_changed":false,"inline_featured_image":false},"product_brand":[],"product_cat":[2121,2122,2123],"product_tag":[1179],"class_list":{"0":"post-336263","1":"product","2":"type-product","3":"status-publish","4":"has-post-thumbnail","6":"product_cat-odevy","7":"product_cat-bundy-a-kabaty","8":"product_cat-bundy","9":"product_tag-cerva","10":"pa_farba-oranzova","11":"pa_farba-zlta","12":"pa_velkost-xl","13":"pa_velkost-l","14":"pa_velkost-m","15":"pa_velkost-s","16":"pa_velkost-3xl","17":"pa_velkost-xxl","19":"first","20":"instock","21":"taxable","22":"shipping-taxable","23":"purchasable","24":"product-type-variable"},"acf":[],"_links":{"self":[{"href":"https:\/\/gajos.sk\/eshop\/wp-json\/wp\/v2\/product\/336263","targetHints":{"allow":["GET"]}}],"collection":[{"href":"https:\/\/gajos.sk\/eshop\/wp-json\/wp\/v2\/product"}],"about":[{"href":"https:\/\/gajos.sk\/eshop\/wp-json\/wp\/v2\/types\/product"}],"wp:featuredmedia":[{"embeddable":true,"href":"https:\/\/gajos.sk\/eshop\/wp-json\/wp\/v2\/media\/336265"}],"wp:attachment":[{"href":"https:\/\/gajos.sk\/eshop\/wp-json\/wp\/v2\/media?parent=336263"}],"wp:term":[{"taxonomy":"product_brand","embeddable":true,"href":"https:\/\/gajos.sk\/eshop\/wp-json\/wp\/v2\/product_brand?post=336263"},{"taxonomy":"product_cat","embeddable":true,"href":"https:\/\/gajos.sk\/eshop\/wp-json\/wp\/v2\/product_cat?post=336263"},{"taxonomy":"product_tag","embeddable":true,"href":"https:\/\/gajos.sk\/eshop\/wp-json\/wp\/v2\/product_tag?post=336263"}],"curies":[{"name":"wp","href":"https:\/\/api.w.org\/{rel}","templated":true}]}}