{"id":335977,"date":"2024-03-01T19:47:07","date_gmt":"2024-03-01T18:47:07","guid":{"rendered":"https:\/\/gajostest.a2hosted.com\/eshop\/knoxfield-profi-hv-oboustr-bunda\/"},"modified":"2026-05-07T21:22:26","modified_gmt":"2026-05-07T19:22:26","slug":"knoxfield-profi-hv-oboustr-bunda","status":"publish","type":"product","link":"https:\/\/gajos.sk\/eshop\/p\/knoxfield-profi-hv-oboustr-bunda\/","title":{"rendered":"KNOXFIELD PROFI HV oboustr.bunda"},"content":{"rendered":"","protected":false},"excerpt":{"rendered":"<p>p\u00e1nsk\u00e1 obojstrann\u00e1 zateplen\u00e1 bunda 4 v 1 s odop\u00ednac\u00edmi ruk\u00e1vmi a kapuc\u0148ou; hi-vis verzia so segmentovan\u00fdmi reflexn\u00fdmi pruhmi a reflexn\u00fdmi lemovkami; 2 postrann\u00fdmi vreckami na zips; 1 n\u00e1prsn\u00e9 vrecko na zips; nastavite\u013en\u00e1 \u0161\u00edrka spodn\u00e9ho obvodu pomocou s\u0165ahovacej \u0161n\u00farky; zips kryt\u00fd l\u00e9gou; obr\u00e1ten\u00e1 verzia v \u010diernej farbe s kontrastn\u00fdmi reflexn\u00fdmi lemovkami<\/p>\n","protected":false},"featured_media":335979,"template":"","meta":{"_acf_changed":false,"inline_featured_image":false},"product_brand":[],"product_cat":[2121,2122,2123],"product_tag":[1179],"class_list":{"0":"post-335977","1":"product","2":"type-product","3":"status-publish","4":"has-post-thumbnail","6":"product_cat-odevy","7":"product_cat-bundy-a-kabaty","8":"product_cat-bundy","9":"product_tag-cerva","10":"pa_farba-zlta","11":"pa_velkost-s","12":"pa_velkost-3xl","13":"pa_velkost-xxl","14":"pa_velkost-5xl","15":"pa_velkost-4xl","16":"pa_velkost-xs","17":"pa_velkost-xl","18":"pa_velkost-l","19":"pa_velkost-m","21":"first","22":"instock","23":"taxable","24":"shipping-taxable","25":"purchasable","26":"product-type-variable"},"acf":[],"_links":{"self":[{"href":"https:\/\/gajos.sk\/eshop\/wp-json\/wp\/v2\/product\/335977","targetHints":{"allow":["GET"]}}],"collection":[{"href":"https:\/\/gajos.sk\/eshop\/wp-json\/wp\/v2\/product"}],"about":[{"href":"https:\/\/gajos.sk\/eshop\/wp-json\/wp\/v2\/types\/product"}],"wp:featuredmedia":[{"embeddable":true,"href":"https:\/\/gajos.sk\/eshop\/wp-json\/wp\/v2\/media\/335979"}],"wp:attachment":[{"href":"https:\/\/gajos.sk\/eshop\/wp-json\/wp\/v2\/media?parent=335977"}],"wp:term":[{"taxonomy":"product_brand","embeddable":true,"href":"https:\/\/gajos.sk\/eshop\/wp-json\/wp\/v2\/product_brand?post=335977"},{"taxonomy":"product_cat","embeddable":true,"href":"https:\/\/gajos.sk\/eshop\/wp-json\/wp\/v2\/product_cat?post=335977"},{"taxonomy":"product_tag","embeddable":true,"href":"https:\/\/gajos.sk\/eshop\/wp-json\/wp\/v2\/product_tag?post=335977"}],"curies":[{"name":"wp","href":"https:\/\/api.w.org\/{rel}","templated":true}]}}