{"id":335875,"date":"2024-03-01T19:45:38","date_gmt":"2024-03-01T18:45:38","guid":{"rendered":"https:\/\/gajostest.a2hosted.com\/eshop\/boyer-bunda\/"},"modified":"2026-05-07T21:22:26","modified_gmt":"2026-05-07T19:22:26","slug":"boyer-bunda","status":"publish","type":"product","link":"https:\/\/gajos.sk\/eshop\/p\/boyer-bunda\/","title":{"rendered":"BOYER bunda"},"content":{"rendered":"","protected":false},"excerpt":{"rendered":"<p>p\u00e1nska celozap\u00ednacia bunda z mel\u00edrovan\u00e9ho \u00fapletu vo vn\u00fatri po\u010desan\u00e1; zos\u00edlnen\u00e1 \u010das\u0165 v oblasti ramien a ruk\u00e1vov sofsthellov\u00fdm materi\u00e1lom v kontrastnej farbe; 1 n\u00e1prsn\u00e9 vrecko na zips; 2 postrann\u00e9 vreck\u00e1 na zips; nastavite\u013en\u00e1 \u0161\u00edrka spodn\u00e9ho obvodu; dekorat\u00edvna reflexn\u00e1 lemovka na ruk\u00e1ve; o\u010dko na palec<\/p>\n","protected":false},"featured_media":335877,"template":"","meta":{"_acf_changed":false,"inline_featured_image":false},"product_brand":[],"product_cat":[2121,2122,2123],"product_tag":[1179],"class_list":{"0":"post-335875","1":"product","2":"type-product","3":"status-publish","4":"has-post-thumbnail","6":"product_cat-odevy","7":"product_cat-bundy-a-kabaty","8":"product_cat-bundy","9":"product_tag-cerva","10":"pa_farba-siva","11":"pa_farba-bezova","12":"pa_farba-royal-modra","13":"pa_farba-navy","14":"pa_farba-olivova","15":"pa_farba-cervena","16":"pa_farba-cierna","17":"pa_velkost-5xl","18":"pa_velkost-4xl","19":"pa_velkost-xs","20":"pa_velkost-xl","21":"pa_velkost-l","22":"pa_velkost-m","23":"pa_velkost-s","24":"pa_velkost-3xl","25":"pa_velkost-xxl","27":"first","28":"instock","29":"taxable","30":"shipping-taxable","31":"purchasable","32":"product-type-variable"},"acf":[],"_links":{"self":[{"href":"https:\/\/gajos.sk\/eshop\/wp-json\/wp\/v2\/product\/335875","targetHints":{"allow":["GET"]}}],"collection":[{"href":"https:\/\/gajos.sk\/eshop\/wp-json\/wp\/v2\/product"}],"about":[{"href":"https:\/\/gajos.sk\/eshop\/wp-json\/wp\/v2\/types\/product"}],"wp:featuredmedia":[{"embeddable":true,"href":"https:\/\/gajos.sk\/eshop\/wp-json\/wp\/v2\/media\/335877"}],"wp:attachment":[{"href":"https:\/\/gajos.sk\/eshop\/wp-json\/wp\/v2\/media?parent=335875"}],"wp:term":[{"taxonomy":"product_brand","embeddable":true,"href":"https:\/\/gajos.sk\/eshop\/wp-json\/wp\/v2\/product_brand?post=335875"},{"taxonomy":"product_cat","embeddable":true,"href":"https:\/\/gajos.sk\/eshop\/wp-json\/wp\/v2\/product_cat?post=335875"},{"taxonomy":"product_tag","embeddable":true,"href":"https:\/\/gajos.sk\/eshop\/wp-json\/wp\/v2\/product_tag?post=335875"}],"curies":[{"name":"wp","href":"https:\/\/api.w.org\/{rel}","templated":true}]}}