{"id":335716,"date":"2024-03-01T19:43:59","date_gmt":"2024-03-01T18:43:59","guid":{"rendered":"https:\/\/gajostest.a2hosted.com\/eshop\/knoxfield-lady-bunda\/"},"modified":"2026-05-07T21:22:25","modified_gmt":"2026-05-07T19:22:25","slug":"knoxfield-lady-bunda","status":"publish","type":"product","link":"https:\/\/gajos.sk\/eshop\/p\/knoxfield-lady-bunda\/","title":{"rendered":"KNOXFIELD LADY bunda"},"content":{"rendered":"","protected":false},"excerpt":{"rendered":"<p>d\u00e1msk\u00e1 pracovn\u00e1 bunda modern\u00e9ho strihu  so stoja\u010dikom; hlbok\u00e9 postrann\u00e9 vreck\u00e1; multifunk\u010dn\u00e9 n\u00e1prsn\u00e9 vrecko; D kr\u00fa\u017eok na prichytenie identifika\u010dnej karty; zos\u00edlnen\u00e1 oblas\u0165 ramien; n\u00e1plety na ruk\u00e1voch; pre\u0161itie kontrastnou ni\u0165ou v hi-vis farebnom odtieni<\/p>\n","protected":false},"featured_media":335718,"template":"","meta":{"_acf_changed":false,"inline_featured_image":false},"product_brand":[],"product_cat":[2121,2122,2123],"product_tag":[1179],"class_list":{"0":"post-335716","1":"product","2":"type-product","3":"status-publish","4":"has-post-thumbnail","6":"product_cat-odevy","7":"product_cat-bundy-a-kabaty","8":"product_cat-bundy","9":"product_tag-cerva","10":"pa_farba-antracit-cervena","11":"pa_velkost-3160","12":"pa_velkost-3161","13":"pa_velkost-3195","14":"pa_velkost-3110","15":"pa_velkost-3112","16":"pa_velkost-3114","17":"pa_velkost-3116","18":"pa_velkost-3118","19":"pa_velkost-3120","20":"pa_velkost-3121","21":"pa_velkost-3123","23":"first","24":"instock","25":"taxable","26":"shipping-taxable","27":"purchasable","28":"product-type-variable"},"acf":[],"_links":{"self":[{"href":"https:\/\/gajos.sk\/eshop\/wp-json\/wp\/v2\/product\/335716","targetHints":{"allow":["GET"]}}],"collection":[{"href":"https:\/\/gajos.sk\/eshop\/wp-json\/wp\/v2\/product"}],"about":[{"href":"https:\/\/gajos.sk\/eshop\/wp-json\/wp\/v2\/types\/product"}],"wp:featuredmedia":[{"embeddable":true,"href":"https:\/\/gajos.sk\/eshop\/wp-json\/wp\/v2\/media\/335718"}],"wp:attachment":[{"href":"https:\/\/gajos.sk\/eshop\/wp-json\/wp\/v2\/media?parent=335716"}],"wp:term":[{"taxonomy":"product_brand","embeddable":true,"href":"https:\/\/gajos.sk\/eshop\/wp-json\/wp\/v2\/product_brand?post=335716"},{"taxonomy":"product_cat","embeddable":true,"href":"https:\/\/gajos.sk\/eshop\/wp-json\/wp\/v2\/product_cat?post=335716"},{"taxonomy":"product_tag","embeddable":true,"href":"https:\/\/gajos.sk\/eshop\/wp-json\/wp\/v2\/product_tag?post=335716"}],"curies":[{"name":"wp","href":"https:\/\/api.w.org\/{rel}","templated":true}]}}