{"id":335506,"date":"2024-03-01T19:41:47","date_gmt":"2024-03-01T18:41:47","guid":{"rendered":"https:\/\/gajostest.a2hosted.com\/eshop\/knoxfield-275-bunda\/"},"modified":"2026-05-07T21:20:28","modified_gmt":"2026-05-07T19:20:28","slug":"knoxfield-275-bunda","status":"publish","type":"product","link":"https:\/\/gajos.sk\/eshop\/p\/knoxfield-275-bunda\/","title":{"rendered":"KNOXFIELD 275 bunda"},"content":{"rendered":"","protected":false},"excerpt":{"rendered":"<p>\u2022 p\u00e1nska pracovn\u00e1 bunda modern\u00e9ho strihu  so stoja\u010dikom \u2022 hlbok\u00e9 bo\u010dn\u00e9 vreck\u00e1 \u2022 multifunk\u010dn\u00e9 n\u00e1prsn\u00e9 vrecko \u2022 D kr\u00fa\u017eok na prichytenie identifika\u010dnej karty \u2022 zosilnen\u00e1  oblas\u0165 ramien \u2022 n\u00e1plety na ruk\u00e1voch \u2022 pre\u0161itie  kontrastnou ni\u0165ou v hi-vis farebnom odtieni<\/p>\n","protected":false},"featured_media":335508,"template":"","meta":{"_acf_changed":false,"inline_featured_image":false},"product_brand":[],"product_cat":[2121,2122,2123],"product_tag":[1179],"class_list":{"0":"post-335506","1":"product","2":"type-product","3":"status-publish","4":"has-post-thumbnail","6":"product_cat-odevy","7":"product_cat-bundy-a-kabaty","8":"product_cat-bundy","9":"product_tag-cerva","10":"pa_farba-antracit","11":"pa_farba-antracit-oranzova","12":"pa_farba-antracit-zlta","13":"pa_farba-antracit-cervena","14":"pa_velkost-3121","15":"pa_velkost-3123","16":"pa_velkost-3155","17":"pa_velkost-3157","18":"pa_velkost-3158","19":"pa_velkost-3159","20":"pa_velkost-3160","21":"pa_velkost-3110","22":"pa_velkost-3161","23":"pa_velkost-3112","24":"pa_velkost-3162","25":"pa_velkost-3114","26":"pa_velkost-3174","27":"pa_velkost-3116","28":"pa_velkost-3175","30":"first","31":"instock","32":"taxable","33":"shipping-taxable","34":"purchasable","35":"product-type-variable"},"acf":[],"_links":{"self":[{"href":"https:\/\/gajos.sk\/eshop\/wp-json\/wp\/v2\/product\/335506","targetHints":{"allow":["GET"]}}],"collection":[{"href":"https:\/\/gajos.sk\/eshop\/wp-json\/wp\/v2\/product"}],"about":[{"href":"https:\/\/gajos.sk\/eshop\/wp-json\/wp\/v2\/types\/product"}],"wp:featuredmedia":[{"embeddable":true,"href":"https:\/\/gajos.sk\/eshop\/wp-json\/wp\/v2\/media\/335508"}],"wp:attachment":[{"href":"https:\/\/gajos.sk\/eshop\/wp-json\/wp\/v2\/media?parent=335506"}],"wp:term":[{"taxonomy":"product_brand","embeddable":true,"href":"https:\/\/gajos.sk\/eshop\/wp-json\/wp\/v2\/product_brand?post=335506"},{"taxonomy":"product_cat","embeddable":true,"href":"https:\/\/gajos.sk\/eshop\/wp-json\/wp\/v2\/product_cat?post=335506"},{"taxonomy":"product_tag","embeddable":true,"href":"https:\/\/gajos.sk\/eshop\/wp-json\/wp\/v2\/product_tag?post=335506"}],"curies":[{"name":"wp","href":"https:\/\/api.w.org\/{rel}","templated":true}]}}