{"id":335239,"date":"2024-03-01T19:39:23","date_gmt":"2024-03-01T18:39:23","guid":{"rendered":"https:\/\/gajostest.a2hosted.com\/eshop\/yowie-print-soft-bunda\/"},"modified":"2026-04-25T21:25:03","modified_gmt":"2026-04-25T19:25:03","slug":"yowie-print-soft-bunda","status":"publish","type":"product","link":"https:\/\/gajos.sk\/eshop\/p\/yowie-print-soft-bunda\/","title":{"rendered":"YOWIE print.soft. bunda"},"content":{"rendered":"","protected":false},"excerpt":{"rendered":"<p>Vhodn\u00e9 na manipul\u00e1ciu s ostr\u00fdmi a mastn\u00fdmi dielmi, manipul\u00e1ciu so sklom, opracovanie mastn\u00fdch kovov alebo plechov alebo \u00fadr\u017ebu strojov.<\/p>\n","protected":false},"featured_media":335241,"template":"","meta":{"_acf_changed":false,"inline_featured_image":false},"product_brand":[],"product_cat":[2121,2122,2123],"product_tag":[1244],"class_list":{"0":"post-335239","1":"product","2":"type-product","3":"status-publish","4":"has-post-thumbnail","6":"product_cat-odevy","7":"product_cat-bundy-a-kabaty","8":"product_cat-bundy","9":"product_tag-crv","10":"pa_farba-sv-fialova-navy","11":"pa_farba-hneda-zelena","12":"pa_velkost-xl","13":"pa_velkost-l","14":"pa_velkost-m","15":"pa_velkost-s","16":"pa_velkost-xxl","17":"pa_velkost-xs","19":"first","20":"instock","21":"taxable","22":"shipping-taxable","23":"purchasable","24":"product-type-variable"},"acf":[],"_links":{"self":[{"href":"https:\/\/gajos.sk\/eshop\/wp-json\/wp\/v2\/product\/335239","targetHints":{"allow":["GET"]}}],"collection":[{"href":"https:\/\/gajos.sk\/eshop\/wp-json\/wp\/v2\/product"}],"about":[{"href":"https:\/\/gajos.sk\/eshop\/wp-json\/wp\/v2\/types\/product"}],"wp:featuredmedia":[{"embeddable":true,"href":"https:\/\/gajos.sk\/eshop\/wp-json\/wp\/v2\/media\/335241"}],"wp:attachment":[{"href":"https:\/\/gajos.sk\/eshop\/wp-json\/wp\/v2\/media?parent=335239"}],"wp:term":[{"taxonomy":"product_brand","embeddable":true,"href":"https:\/\/gajos.sk\/eshop\/wp-json\/wp\/v2\/product_brand?post=335239"},{"taxonomy":"product_cat","embeddable":true,"href":"https:\/\/gajos.sk\/eshop\/wp-json\/wp\/v2\/product_cat?post=335239"},{"taxonomy":"product_tag","embeddable":true,"href":"https:\/\/gajos.sk\/eshop\/wp-json\/wp\/v2\/product_tag?post=335239"}],"curies":[{"name":"wp","href":"https:\/\/api.w.org\/{rel}","templated":true}]}}