{"id":335231,"date":"2024-03-01T19:39:20","date_gmt":"2024-03-01T18:39:20","guid":{"rendered":"https:\/\/gajostest.a2hosted.com\/eshop\/latton-softsh-bunda-hv\/"},"modified":"2026-05-07T21:20:28","modified_gmt":"2026-05-07T19:20:28","slug":"latton-softsh-bunda-hv","status":"publish","type":"product","link":"https:\/\/gajos.sk\/eshop\/p\/latton-softsh-bunda-hv\/","title":{"rendered":"LATTON softsh. bunda HV"},"content":{"rendered":"","protected":false},"excerpt":{"rendered":"<p>P\u00e1nska softshellov\u00e1 bunda s odn\u00edmate\u013en\u00fdmi ruk\u00e1vmi, atrakt\u00edvne 2-farebn\u00e9 prevedenie, 2 bo\u010dn\u00e9 vreck\u00e1 na zips, n\u00e1prsn\u00e9 vrecko na zips , 2 vn\u00fatorn\u00e9 vreck\u00e1, nastavite\u013en\u00e1 \u0161\u00edrka spodn\u00e9ho obvodu bundy pomocou \u0161n\u00farky, nastavite\u013en\u00e1 \u0161\u00edrka ruk\u00e1vov pomocou such\u00e9ho zipsu, kvalitn\u00fd vetru a vode odoln\u00fd materi\u00e1l s TPU membr\u00e1nou.<\/p>\n","protected":false},"featured_media":335233,"template":"","meta":{"_acf_changed":false,"inline_featured_image":false},"product_brand":[],"product_cat":[2121,2122,2123],"product_tag":[1179],"class_list":{"0":"post-335231","1":"product","2":"type-product","3":"status-publish","4":"has-post-thumbnail","6":"product_cat-odevy","7":"product_cat-bundy-a-kabaty","8":"product_cat-bundy","9":"product_tag-cerva","10":"pa_farba-zlta-oranzova","11":"pa_velkost-xl","12":"pa_velkost-l","13":"pa_velkost-m","14":"pa_velkost-s","15":"pa_velkost-3xl","16":"pa_velkost-xxl","18":"first","19":"instock","20":"taxable","21":"shipping-taxable","22":"purchasable","23":"product-type-variable"},"acf":[],"_links":{"self":[{"href":"https:\/\/gajos.sk\/eshop\/wp-json\/wp\/v2\/product\/335231","targetHints":{"allow":["GET"]}}],"collection":[{"href":"https:\/\/gajos.sk\/eshop\/wp-json\/wp\/v2\/product"}],"about":[{"href":"https:\/\/gajos.sk\/eshop\/wp-json\/wp\/v2\/types\/product"}],"wp:featuredmedia":[{"embeddable":true,"href":"https:\/\/gajos.sk\/eshop\/wp-json\/wp\/v2\/media\/335233"}],"wp:attachment":[{"href":"https:\/\/gajos.sk\/eshop\/wp-json\/wp\/v2\/media?parent=335231"}],"wp:term":[{"taxonomy":"product_brand","embeddable":true,"href":"https:\/\/gajos.sk\/eshop\/wp-json\/wp\/v2\/product_brand?post=335231"},{"taxonomy":"product_cat","embeddable":true,"href":"https:\/\/gajos.sk\/eshop\/wp-json\/wp\/v2\/product_cat?post=335231"},{"taxonomy":"product_tag","embeddable":true,"href":"https:\/\/gajos.sk\/eshop\/wp-json\/wp\/v2\/product_tag?post=335231"}],"curies":[{"name":"wp","href":"https:\/\/api.w.org\/{rel}","templated":true}]}}