{"id":334640,"date":"2024-03-01T19:33:29","date_gmt":"2024-03-01T18:33:29","guid":{"rendered":"https:\/\/gajostest.a2hosted.com\/eshop\/emerton-summer-bunda-2in1\/"},"modified":"2026-04-11T17:48:20","modified_gmt":"2026-04-11T15:48:20","slug":"emerton-summer-bunda-2in1","status":"publish","type":"product","link":"https:\/\/gajos.sk\/eshop\/p\/emerton-summer-bunda-2in1\/","title":{"rendered":"EMERTON SUMMER bunda 2in1"},"content":{"rendered":"","protected":false},"excerpt":{"rendered":"<p>\u2022 letn\u00e1 mont\u00e9rkov\u00e1 bunda s odop\u00ednate\u013en\u00fdmi ruk\u00e1vmi zaru\u010duje maxim\u00e1lny komfort nosenia v teplom po\u010das\u00ed alebo prev\u00e1dzkach s vysokou teplotou \u2022 nam\u00e1han\u00e9 miesta vystu\u017een\u00e9 materi\u00e1lom polyester 300D \u2022 zosilnen\u00e9 zdvojen\u00e9 lakte \u2022 ruk\u00e1vy ukon\u010den\u00e9 pleten\u00fdmi elastick\u00fdmi man\u017eetami<\/p>\n","protected":false},"featured_media":334642,"template":"","meta":{"_acf_changed":false,"inline_featured_image":false},"product_brand":[],"product_cat":[2121,2122,2123],"product_tag":[1343],"class_list":{"0":"post-334640","1":"product","2":"type-product","3":"status-publish","4":"has-post-thumbnail","6":"product_cat-odevy","7":"product_cat-bundy-a-kabaty","8":"product_cat-bundy","9":"product_tag-australian-line","10":"pa_farba-bezova","11":"pa_velkost-3121","12":"pa_velkost-3155","13":"pa_velkost-3158","14":"pa_velkost-3159","15":"pa_velkost-3160","16":"pa_velkost-3161","18":"first","19":"instock","20":"taxable","21":"shipping-taxable","22":"product-type-variable"},"acf":[],"_links":{"self":[{"href":"https:\/\/gajos.sk\/eshop\/wp-json\/wp\/v2\/product\/334640","targetHints":{"allow":["GET"]}}],"collection":[{"href":"https:\/\/gajos.sk\/eshop\/wp-json\/wp\/v2\/product"}],"about":[{"href":"https:\/\/gajos.sk\/eshop\/wp-json\/wp\/v2\/types\/product"}],"wp:featuredmedia":[{"embeddable":true,"href":"https:\/\/gajos.sk\/eshop\/wp-json\/wp\/v2\/media\/334642"}],"wp:attachment":[{"href":"https:\/\/gajos.sk\/eshop\/wp-json\/wp\/v2\/media?parent=334640"}],"wp:term":[{"taxonomy":"product_brand","embeddable":true,"href":"https:\/\/gajos.sk\/eshop\/wp-json\/wp\/v2\/product_brand?post=334640"},{"taxonomy":"product_cat","embeddable":true,"href":"https:\/\/gajos.sk\/eshop\/wp-json\/wp\/v2\/product_cat?post=334640"},{"taxonomy":"product_tag","embeddable":true,"href":"https:\/\/gajos.sk\/eshop\/wp-json\/wp\/v2\/product_tag?post=334640"}],"curies":[{"name":"wp","href":"https:\/\/api.w.org\/{rel}","templated":true}]}}