{"id":333315,"date":"2024-03-01T19:15:03","date_gmt":"2024-03-01T18:15:03","guid":{"rendered":"https:\/\/gajostest.a2hosted.com\/eshop\/carbis-slapky\/"},"modified":"2026-04-11T17:48:15","modified_gmt":"2026-04-11T15:48:15","slug":"carbis-slapky","status":"publish","type":"product","link":"https:\/\/gajos.sk\/eshop\/p\/carbis-slapky\/","title":{"rendered":"CARBIS \u0161\u013eapky"},"content":{"rendered":"","protected":false},"excerpt":{"rendered":"<p>\u0160\u013eapky do sprchy z materi\u00e1lu EVA, perforovan\u00e1 podr\u00e1\u017eka.<\/p>\n","protected":false},"featured_media":333317,"template":"","meta":{"_acf_changed":false,"inline_featured_image":false},"product_brand":[],"product_cat":[2142,2170],"product_tag":[1244],"class_list":{"0":"post-333315","1":"product","2":"type-product","3":"status-publish","4":"has-post-thumbnail","6":"product_cat-obuv","7":"product_cat-slapky","8":"product_tag-crv","9":"pa_farba-cierna","10":"pa_velkost-43-44","11":"pa_velkost-42-43","13":"first","14":"instock","15":"taxable","16":"shipping-taxable","17":"product-type-variable"},"acf":[],"_links":{"self":[{"href":"https:\/\/gajos.sk\/eshop\/wp-json\/wp\/v2\/product\/333315","targetHints":{"allow":["GET"]}}],"collection":[{"href":"https:\/\/gajos.sk\/eshop\/wp-json\/wp\/v2\/product"}],"about":[{"href":"https:\/\/gajos.sk\/eshop\/wp-json\/wp\/v2\/types\/product"}],"wp:featuredmedia":[{"embeddable":true,"href":"https:\/\/gajos.sk\/eshop\/wp-json\/wp\/v2\/media\/333317"}],"wp:attachment":[{"href":"https:\/\/gajos.sk\/eshop\/wp-json\/wp\/v2\/media?parent=333315"}],"wp:term":[{"taxonomy":"product_brand","embeddable":true,"href":"https:\/\/gajos.sk\/eshop\/wp-json\/wp\/v2\/product_brand?post=333315"},{"taxonomy":"product_cat","embeddable":true,"href":"https:\/\/gajos.sk\/eshop\/wp-json\/wp\/v2\/product_cat?post=333315"},{"taxonomy":"product_tag","embeddable":true,"href":"https:\/\/gajos.sk\/eshop\/wp-json\/wp\/v2\/product_tag?post=333315"}],"curies":[{"name":"wp","href":"https:\/\/api.w.org\/{rel}","templated":true}]}}